INSERT INTO `pages` (`id`, `name`, `slug`, `label`, `description`, `content`, `meta_values`, `parent_id`, `technical_name`, `order_column`, `draft`, `published_at`, `promoted_at`, `created_at`, `updated_at`) VALUES
(52, '{\"fr\": \"Conflits d’intérêts\", \"nl\": \"Belangenconflicten\"}', '{\"fr\": \"conflits-dinterets\", \"nl\": \"belangenconflicten\"}', '{\"fr\": null, \"nl\": null}', '{\"fr\": \"Puilaetco Dewaay Private Bankers exerce ses activités dans le respect des principes d’intégrité et de transparence avec la volonté de prévenir au maximum la survenance de conflits d’intérêts réels ou potentiels ou, du moins, de les gérer équitablement.\", \"nl\": \"Puilaetco Dewaay Private Bankers oefent haar activiteiten uit met inachtneming van de integriteits- en transparantieprincipes teneinde zoveel mogelijk te voorkomen dat er zich reële of potentiële belangenconflicten voordoen of ze, op zijn minst, billijk te beheren.\"}', '{\"fr\": \"<p>Puilaetco Dewaay Private Bankers exerce ses activit&eacute;s dans le respect des principes d&rsquo;int&eacute;grit&eacute; et de transparence avec la volont&eacute; de pr&eacute;venir au maximum la survenance de conflits d&rsquo;int&eacute;r&ecirc;ts r&eacute;els ou potentiels ou, du moins, de les g&eacute;rer &eacute;quitablement.</p>\\r\\n<p>Conform&eacute;ment &agrave; la r&egrave;glementation en vigueur, la Banque a &eacute;tabli une politique de gestion de conflits d&rsquo;int&eacute;r&ecirc;ts ainsi qu&rsquo;un certain nombre de mesures administratives, organisationnelles et proc&eacute;durales visant &agrave; pr&eacute;venir les conflits d&rsquo;int&eacute;r&ecirc;ts.</p>\\r\\n<p>Un conflit d&rsquo;int&eacute;r&ecirc;t est d&eacute;fini comme un conflit pr&eacute;judiciable entre les int&eacute;r&ecirc;ts de la Banque, ou ses employ&eacute;s, et ses clients, ou encore entre les int&eacute;r&ecirc;ts de plusieurs de ses clients.</p>\\r\\n<p>La fonction de Compliance est responsable de la pr&eacute;vention et la gestion des conflits d&rsquo;int&eacute;r&ecirc;ts. Elle agit &eacute;galement en qualit&eacute; de conseiller en cas de conflits d&rsquo;int&eacute;r&ecirc;ts. Le Conseil d&rsquo;Administration &eacute;value de mani&egrave;re r&eacute;guli&egrave;re l&rsquo;impl&eacute;mentation et l&rsquo;effectivit&eacute; de la politique de gestion de conflits d&rsquo;int&eacute;r&ecirc;ts. Il v&eacute;rifie si ladite politique est ajust&eacute;e par rapport &agrave; la taille, l&rsquo;organisation et la complexit&eacute; des activit&eacute;s de la Banque.</p>\\r\\n<p>La politique s&rsquo;applique &agrave; l&rsquo;ensemble des employ&eacute;s de la Banque ainsi qu&rsquo;aux membres du Conseil d&rsquo;Administration et du Comit&eacute; de Direction. Toutes les parties prenantes de la Banque doivent agir de mani&egrave;re professionnelle en identifiant les conflits d&rsquo;int&eacute;r&ecirc;ts existants et les principales sources de conflits d&rsquo;int&eacute;r&ecirc;ts potentiels et en signalant &agrave; la fonction de Compliance tout conflit d&rsquo;int&eacute;r&ecirc;t actuel ou potentiel ainsi que toute source de conflits d&rsquo;int&eacute;r&ecirc;ts potentiels.</p>\\r\\n<p>La fonction de Compliance conserve une base de donn&eacute;es des conflits d&rsquo;int&eacute;r&ecirc;ts documentant les conflits d&rsquo;int&eacute;r&ecirc;ts potentiels, les mesures pr&eacute;ventives adopt&eacute;es ainsi que l&rsquo;&eacute;valuation du risque r&eacute;siduel de conflits d&rsquo;int&eacute;r&ecirc;ts. La Banque tient &eacute;galement un registre avec les conflits comportant un risque sensible d&rsquo;atteinte aux int&eacute;r&ecirc;ts d&rsquo;un ou plusieurs clients, fournisseurs, contreparties, parties li&eacute;es,&hellip;</p>\", \"nl\": \"<p>Puilaetco Dewaay Private Bankers oefent haar activiteiten uit met inachtneming van de integriteits- en transparantieprincipes teneinde zoveel mogelijk te voorkomen dat er zich re&euml;le of potenti&euml;le belangenconflicten voordoen of ze, op zijn minst, billijk te beheren.</p>\\r\\n<p>Overeenkomstig de geldende regelgeving, heeft de Bank een beleid inzake het beheer van belangenconflicten ingevoerd, evenals een aantal administratieve, organisatorische en procedurele maatregelen ter voorkoming van belangenconflicten.</p>\\r\\n<p>Een belangenconflict wordt gedefinieerd als een nadelig conflict tussen de belangen van de Bank, of haar werknemers, en haar cli&euml;nten, of tussen de belangen van verschillende van haar cli&euml;nten.</p>\\r\\n<p>De Compliance-functie is verantwoordelijk voor de voorkoming en het beheer van belangenconflicten. Ze handelt eveneens in de hoedanigheid van adviseur in geval van belangenconflicten. De Raad van Bestuur evalueert op regelmatige wijze de implementatie en de doeltreffendheid van het beleid inzake het beheer van belangencondlicten. Hij controleert of het voornoemde beleid aangepast is ten aanzien van de omvang, de organisatie en de complexiteit van de activiteiten van de Bank.</p>\\r\\n<p>Het beleid is van toepassing op alle werknemers van de Bank, evenals op de leden van de Raad van Bestuur en van het Directiecomit&eacute;. Alle stakeholders van de Bank moeten professioneel handelen door de bestaande belangenconflicten en de belangrijkste bronnen van potenti&euml;le belangenconflicten te identificeren en door elk huidig of potentieel belangenconflict en elke bron van potenti&euml;le belangenconflicten aan de Compliance-functie te melden.</p>\\r\\n<p>De Compliance-functie beschikt over een databank van de belangenconflicten waarin de potenti&euml;le belangenconflicten, de aangenomen preventieve maatregelen en de evaluatie van het resterende risico van belangenconflicten worden gedocumenteerd. De Bank houdt eveneens een register bij van de conflicten die een aanzienlijk risico inhouden van aantasting van de belangen van &eacute;&eacute;n of meerdere cli&euml;nten, leveranciers, tegenpartijen, verbonden partijen, ...</p>\"}', '{\"fr\": {\"title\": null, \"og:type\": null, \"og:image\": null, \"og:title\": null, \"description\": null, \"og:description\": null}, \"nl\": {\"title\": null, \"og:type\": null, \"og:image\": null, \"og:title\": null, \"description\": null, \"og:description\": null}}', 50, NULL, 45, 0, '2017-12-04 18:23:50', NULL, '2017-12-04 17:22:46', '2017-12-04 17:23:50'),
(53, '{\"fr\": \"Politique d’intégrité\", \"nl\": \"Integriteitsbeleid\"}', '{\"fr\": \"politique-dintegrite\", \"nl\": \"integriteitsbeleid\"}', '{\"fr\": null, \"nl\": null}', '{\"fr\": \"Le comportement éthique et l’intégrité sont considérés comme des composantes essentielles à l’activité bancaire de Puilaetco Dewaay Private Bankers.\", \"nl\": \"Ethisch gedrag en integriteit worden beschouwd als essentiële bestanddelen van de bankactiviteit van Puilaetco Dewaay Private Bankers.\"}', '{\"fr\": \"<p>Pour cette raison, nous sommes particuli&egrave;rement attentifs aux questions &eacute;thiques et nous veillons en tout temps &agrave; ce que le personnel de la Banque, dans son ensemble, agisse en conformit&eacute; avec les normes prescrites.</p>\\r\\n<p>La Banque a d&eacute;fini une politique coh&eacute;rente en mati&egrave;re d&rsquo;int&eacute;grit&eacute; pour promouvoir une conduite irr&eacute;prochable. Les principes directeurs de cette politique s&rsquo;appliquent &agrave; l&rsquo;ensemble des employ&eacute;s quel que soit leur niveau hi&eacute;rarchique ainsi qu&rsquo;aux membres du Comit&eacute; de Direction et aux membres du Conseil d&rsquo;Administration.&nbsp;&nbsp;</p>\\r\\n<p>La politique d&rsquo;int&eacute;grit&eacute; &eacute;tablit les principes de base que les employ&eacute;s doivent consid&eacute;rer comme des r&eacute;f&eacute;rences lors de la prise de d&eacute;cision ou la r&eacute;alisation d&rsquo;op&eacute;rations.</p>\\r\\n<p>Dans ce contexte, le Conseil d&rsquo;Administration arr&ecirc;te les objectifs strat&eacute;giques et les valeurs d&rsquo;entreprise de la Banque ainsi que les codes de conduite internes et les r&egrave;gles formelles pr&eacute;cisant les modalit&eacute;s de conduite des affaires dans un esprit d&rsquo;int&eacute;grit&eacute;.</p>\\r\\n<p>Le p&eacute;rim&egrave;tre de la politique d&rsquo;int&eacute;grit&eacute;&nbsp;concerne notamment mais pas exclusivement&nbsp;:</p>\\r\\n<ul>\\r\\n<li>La lutte contre le blanchiment d&rsquo;argent et le financement du terrorisme</li>\\r\\n<li>L&rsquo;int&eacute;grit&eacute; des march&eacute;s financiers</li>\\r\\n<li>La protection des int&eacute;r&ecirc;ts des clients, consommateurs, investisseurs</li>\\r\\n<li>La protection des donn&eacute;es et le respect du secret professionnel</li>\\r\\n<li>L&rsquo;&eacute;thique et la d&eacute;ontologie</li>\\r\\n<li>Le &laquo;&nbsp;whistleblowing&nbsp;&raquo;</li>\\r\\n<li>La lutte contre la corruption</li>\\r\\n</ul>\\r\\n<p>L&rsquo;&eacute;valuation du caract&egrave;re appropri&eacute; et de l&rsquo;efficacit&eacute; de la politique d&rsquo;int&eacute;grit&eacute; ainsi que la surveillance, le contr&ocirc;le et l&rsquo;examen de son respect, y compris les instructions qui en d&eacute;coulent, entrent dans le champ de comp&eacute;tence et de responsabilit&eacute; de la fonction de Compliance.</p>\\r\\n<p>D&egrave;s lors, le Comit&eacute; de Direction prend les mesures n&eacute;cessaires afin de veiller &agrave; ce qu&rsquo;une fonction de Compliance ind&eacute;pendante et permanente soit &eacute;tablie en permanence.</p>\", \"nl\": \"<p>Om die reden hebben wij bijzondere aandacht voor ethische kwesties en waken wij er te allen tijde over dat het personeel van de Bank, in zijn geheel, handelt overeenkomstig de voorgeschreven normen.</p>\\r\\n<p>De Bank heeft een coherent integriteitsbeleid bepaald ter bevordering van een onberispelijk gedrag. De richtprincipes van dit beleid zijn van toepassing op alle werknemers, ongeacht hun hi&euml;rarchisch niveau, evenals op de leden van het Directiecomit&eacute; en de leden van de Raad van Bestuur.&nbsp; &nbsp;</p>\\r\\n<p>Het integriteitsbeleid bepaalt de basisprincipes die de werknemers als referenties moeten beschouwen bij de besluitvorming of de uitvoering van verrichtingen.</p>\\r\\n<p>In deze context bepaalt de Raad van Bestuur de strategische doelstellingen en de bedrijfswaarden van de Bank, evenals de interne gedragsregels en de formele regels die de modaliteiten van het zakendoen vanuit een integere geest preciseren.</p>\\r\\n<p>De perimeter van het integriteitsbeleid heeft meer bepaald, maar niet uitsluitend betrekking op:</p>\\r\\n<ul>\\r\\n<li>De strijd tegen het witwassen van geld en de financiering van terrorisme;</li>\\r\\n<li>De integriteit van de financi&euml;le markten;</li>\\r\\n<li>De bescherming van de belangen van de cli&euml;nten, consumenten, beleggers;</li>\\r\\n<li>De bescherming van de gegevens en de naleving van het beroepsgeheim;</li>\\r\\n<li>De ethiek en de deontologie;</li>\\r\\n<li>De &laquo;&nbsp;whistleblowing&nbsp;&raquo;;</li>\\r\\n<li>De strijd tegen corruptie.</li>\\r\\n</ul>\\r\\n<p>De beoordeling van het gepaste karakter en van de doeltreffendheid van het integriteitsbeleid, evenals het toezicht, de controle en het onderzoek van de naleving ervan, met inbegrip van de instructies die eruit voortvloeien, valt binnen het bevoegdheids- en verantwoordelijkheidsgebied van de Compliance-functie.</p>\\r\\n<p>Bijgevolg neemt het Directiecomit&eacute; de noodzakelijke maatregelen om ervoor te zorgen dat er voortdurend een onafhankelijke en permanente Compliance-functie bestaat.</p>\"}', '{\"fr\": {\"title\": null, \"og:type\": null, \"og:image\": null, \"og:title\": null, \"description\": null, \"og:description\": null}, \"nl\": {\"title\": null, \"og:type\": null, \"og:image\": null, \"og:title\": null, \"description\": null, \"og:description\": null}}', 50, NULL, 46, 0, '2018-01-05 13:38:34', NULL, '2017-12-04 17:25:01', '2018-01-05 12:38:34'),
(54, '{\"fr\": \"Politique de rémunération\", \"nl\": \"Vergoedingsbeleid\"}', '{\"fr\": \"politique-de-remuneration\", \"nl\": \"vergoedingsbeleid\"}', '{\"fr\": null, \"nl\": null}', '{\"fr\": \"Puilaetco Dewaay Private Bankers a établi une politique de rémunération en conformité avec les exigences de la réglementation relative à la rémunération dans les institutions financières.\", \"nl\": \"Puilaetco Dewaay Private Bankers heeft een vergoedingsbeleid bepaald in overeenstemming met de vereisten van de regelgeving betreffende de vergoeding in financiële instellingen.\"}', '{\"fr\": \"<p>Le Conseil d&rsquo;Administration a un r&ocirc;le central dans la d&eacute;termination de la politique de r&eacute;mun&eacute;ration au sein de la Banque. A ce titre, il a mis en place les principes de base de la politique de r&eacute;mun&eacute;ration et r&eacute;vise ces principes de mani&egrave;re annuelle selon les d&eacute;veloppements de la Banque. Le Comit&eacute; de Direction veille &agrave; ce que cette politique soit correctement mise en &oelig;uvre.</p>\\r\\n<p>Le Comit&eacute; de R&eacute;mun&eacute;ration et Nomination de la Banque a &eacute;t&eacute; mis en place afin d&rsquo;assurer une bonne gestion des activit&eacute;s de la Banque et de contr&ocirc;ler les principes de r&eacute;mun&eacute;ration. D&egrave;s lors, ce Comit&eacute; revoit et approuve la politique g&eacute;n&eacute;rale de r&eacute;mun&eacute;ration de la Banque. Ce Comit&eacute; est compos&eacute; exclusivement de membres non ex&eacute;cutifs du Conseil d&rsquo;Administration.</p>\\r\\n<p>La politique de r&eacute;mun&eacute;ration est compatible avec la gestion du risque saine et effective de la Banque, et de ce fait ne peut encourager une prise de risque exc&eacute;dant le niveau de tol&eacute;rance fix&eacute; par la Banque. La politique est conforme &agrave; la strat&eacute;gie &eacute;conomique, aux objectifs, aux valeurs et aux int&eacute;r&ecirc;ts &agrave; long terme de la Banque et elle inclut des mesures visant &agrave; &eacute;viter les conflits d&rsquo;int&eacute;r&ecirc;ts.</p>\\r\\n<p>La politique de r&eacute;mun&eacute;ration du Groupe KBL est applicable au sein de la Banque. Tous les syst&egrave;mes de r&eacute;mun&eacute;ration doivent se conformer &agrave; la politique de r&eacute;mun&eacute;ration du Groupe KBL. Cependant il y a certaines sp&eacute;cificit&eacute;s locales en conformit&eacute; avec le droit belge, concernant par exemple la d&eacute;finition des &ldquo;Material Risk Takers&rdquo; (collaborateurs dont les activit&eacute;s professionnelles ont une incidence significative sur le profil de risque de la Banque), le ratio entre la r&eacute;mun&eacute;ration fixe et variable et les indemnit&eacute;s de d&eacute;part.</p>\\r\\n<p>Le Comit&eacute; de Risk, Compliance et Legal, sans pr&eacute;judice du r&ocirc;le du Comit&eacute; de R&eacute;mun&eacute;ration et Nomination, examine si les incitants pr&eacute;vus par le syst&egrave;me de r&eacute;mun&eacute;ration tiennent compte de mani&egrave;re appropri&eacute;e de la ma&icirc;trise des risques, des besoins en fonds propres et de la position de liquidit&eacute; de l&rsquo;&eacute;tablissement, ainsi que de la probabilit&eacute; de l&rsquo;&eacute;chelonnement dans le temps des b&eacute;n&eacute;fices.</p>\", \"nl\": \"<p>De Raad van Bestuur speelt een centrale rol bij de bepaling van het vergoedingsbeleid binnen de Bank. In dit opzicht heeft hij de basisprincipes van het vergoedingsbeleid ingevoerd en herziet hij deze principes jaarlijks naargelang van de ontwikkelingen van de Bank. Het Directiecomit&eacute; ziet erop toe dat dit beleid correct wordt toegepast.</p>\\r\\n<p>Het Vergoedings- en Benoemingscomit&eacute; van de Bank werd opgericht teneinde een goed beheer van de activiteiten van de Bank te verzekeren en de vergoedingsprincipes te controleren. Bijgevolg wordt het algemene vergoedingsbeleid van de Bank door dit Comit&eacute; herzien en goedgekeurd. Dit Comit&eacute; bestaat uitsluitend uit niet-uitvoerende leden van de Raad van Bestuur.</p>\\r\\n<p>Het vergoedingsbeleid is verenigbaar met het gezonde en effectieve risicobeheer van de Bank en kan daardoor geen risico aanmoedigen dat het door de Bank vastgelegde tolerantieniveau overschrijdt. Het beleid is in overeenstemming met de economische strategie, de doelstellingen, de waarden en de belangen op lange termijn van de Bank en het omvat maatregelen ter voorkoming van belangenconflicten.</p>\\r\\n<p>Het vergoedingsbeleid van de Groep KBL is toepasselijk binnen de Bank. Alle vergoedingssystemen moeten in overeenstemming zijn met het vergoedingsbeleid van de Groep KBL. Toch zijn er bepaalde lokale specificiteiten overeenkomstig het Belgisch recht, bv. betreffende de definitie van de &ldquo;Material Risk Takers&rdquo; (medewerkers wiens professionele activiteiten een significante invloed hebben op het risicoprofiel van de Bank), de ratio tussen de vaste en variabele vergoeding en de vertrekvergoedingen.</p>\\r\\n<p>Zonder afbreuk te doen aan de rol van het Vergoedings- en Benoemingscomit&eacute;, onderzoekt het Risk, Compliance en Legal Comit&eacute; of de door het vergoedingssysteem voorziene incentives op gepaste wijze rekening houden met de beheersing van de risico&rsquo;s, de behoeften inzake eigen vermogen en de liquiditeitspositie van de instelling, alsook met de waarschijnlijkheid van de spreiding van de winst in de tijd.</p>\"}', '{\"fr\": {\"title\": null, \"og:type\": null, \"og:image\": null, \"og:title\": null, \"description\": null, \"og:description\": null}, \"nl\": {\"title\": null, \"og:type\": null, \"og:image\": null, \"og:title\": null, \"description\": null, \"og:description\": null}}', 50, NULL, 47, 0, '2017-12-04 18:27:29', NULL, '2017-12-04 17:26:04', '2017-12-04 17:27:29'),
(55, '{\"fr\": \"Politique de gestion des risques\", \"nl\": \"Beleid inzake risicobeheer\"}', '{\"fr\": \"politique-de-gestion-des-risques\", \"nl\": \"beleid-inzake-risicobeheer\"}', '{\"fr\": null, \"nl\": null}', '{\"fr\": \"La gestion des risques est une matière transversale qui implique l’ensemble des employés de Puilaetco Dewaay Private Bankers. En effet, chaque membre et chaque entité de la Banque doivent être pleinement conscients de leurs responsabilités concernant la gestion des risques.\", \"nl\": \"Het risicobeheer is een transversale materie die alle werknemers van Puilaetco Dewaay Private Bankers betreft. Elk personeelslid en elke entiteit van de Bank moeten zich volledig bewust zijn van hun verantwoordelijkheid betreffende het beheer van de risico’s.\"}', '{\"fr\": \"<p>Les responsabilit&eacute;s relatives au contr&ocirc;le du risque au sein de la Banque sont r&eacute;parties &agrave; 5 niveaux&nbsp;:</p>\\r\\n<ul>\\r\\n<li>Au niveau du Conseil d&rsquo;Administration</li>\\r\\n<li>Au niveau des comit&eacute;s sp&eacute;cialis&eacute;s</li>\\r\\n<li>Au niveau du Comit&eacute; de Direction</li>\\r\\n<li>Au niveau des sous-comit&eacute;s de gestion des risques</li>\\r\\n<li>Au niveau du d&eacute;partement de gestion des risques</li>\\r\\n</ul>\\r\\n<p>De plus, chaque employ&eacute; doit agir de mani&egrave;re professionnelle et prudente, respecter les limites, r&egrave;gles et guidelines en mati&egrave;re de gestion de risque et reporter &agrave; la fonction de gestion des risques chaque pr&eacute;occupation qui pourrait compromettre l&rsquo;int&eacute;grit&eacute; ou la stabilit&eacute; de la Banque ou du Groupe.</p>\\r\\n<p>Il est &eacute;tabli au sein de la Banque une fonction de gestion des risques qui est une fonction ind&eacute;pendante veillant &agrave; ce que chaque risque auquel la Banque est ou peut &ecirc;tre expos&eacute;e est correctement identifi&eacute;, mesur&eacute;, surveill&eacute;, g&eacute;r&eacute; et report&eacute;.</p>\\r\\n<p>La contribution de la fonction de gestion des risques dans la mise en place d&rsquo;un processus de gestion du risque est essentielle mais d&rsquo;autres entit&eacute;s sont &eacute;galement fortement impliqu&eacute;es. En effet, toutes les entit&eacute;s de premier niveau o&ugrave; les risques sont g&eacute;n&eacute;r&eacute;s (exemple&nbsp;: unit&eacute;s commerciales, entit&eacute;s back office&hellip;), la fonction Compliance et la fonction d&rsquo;Audit sont des entit&eacute;s importantes sans lesquelles la gestion des risques ne pourrait pas &ecirc;tre effective. D&rsquo;autres entit&eacute;s de contr&ocirc;le sont aussi concern&eacute;es par la gestion des risques, comme les Ressources Humaines ou le d&eacute;partement L&eacute;gal.</p>\\r\\n<p>Au sein de la Banque, le &laquo;&nbsp;Risk Management Process&nbsp;&raquo; est organis&eacute; selon 5 niveaux de contr&ocirc;le plus commun&eacute;ment appel&eacute;es les &laquo;&nbsp;lignes de d&eacute;fense&nbsp;&raquo;.</p>\\r\\n<p>Les unit&eacute;s commerciales et d&rsquo;exploitation forment la premi&egrave;re ligne de d&eacute;fense de la Banque. Il leur revient d&rsquo;identifier les risques pos&eacute;s par chaque op&eacute;ration et de respecter les proc&eacute;dures et limites impos&eacute;es. La seconde ligne de d&eacute;fense comprend les fonctions de contr&ocirc;le (Risk et Compliance) qui sont charg&eacute;es de s&rsquo;assurer que les risques ont &eacute;t&eacute; bien identifi&eacute;s et g&eacute;r&eacute;s par les unit&eacute;s commerciales et d&rsquo;exploitations selon les r&egrave;gles et proc&eacute;dures applicables. La troisi&egrave;me ligne de d&eacute;fense est constitu&eacute;e de l&rsquo;Audit interne qui veille au respect des r&egrave;gles et proc&eacute;dures par les premi&egrave;re et deuxi&egrave;me ligne de d&eacute;fense. L&rsquo;Audit externe est la quatri&egrave;me ligne de d&eacute;fense et les autorit&eacute;s r&eacute;gulatrices forment la cinqui&egrave;me ligne de d&eacute;fense.</p>\\r\\n<p>Afin de s&rsquo;assurer que la gestion des risques soit bien effective et exhaustive, ces 5 lignes de d&eacute;fense interagissent entre elles, mais aussi avec le Conseil d&rsquo;Administration et le Comit&eacute; de Direction.&nbsp;&nbsp;</p>\", \"nl\": \"<p>De verantwoordelijkheden inzake de risicocontrole binnen de Bank zijn verdeeld over 5 niveaus:</p>\\r\\n<ul>\\r\\n<li>de Raad van Bestuur</li>\\r\\n<li>de gespecialiseerde comit&eacute;s</li>\\r\\n<li>het Directiecomit&eacute;</li>\\r\\n<li>de subcomit&eacute;s risicobeheer</li>\\r\\n<li>het departement risicobeheer</li>\\r\\n</ul>\\r\\n<p>Bovendien moet elke werknemer professioneel en voorzichtig te werk gaan, de limieten, regels en richtlijnen inzake risicobeheer naleven en elke bekommernis die de integriteit of stabiliteit van de Bank of de Groep in gevaar zou kunnen brengen, rapporteren aan de risicobeheersfunctie.</p>\\r\\n<p>Er bestaat binnen de Bank een risicobeheersfunctie, i.e. een onafhankelijke functie die erop toeziet dat elk risico waaraan de Bank wordt of kan worden blootgesteld, correct ge&iuml;dentificeerd, gemeten, opgevolgd, beheerd en gerapporteerd wordt.</p>\\r\\n<p>De risicobeheersfunctie levert een essenti&euml;le bijdrage aan de invoering van een risicobeheersproces, maar andere entiteiten zijn eveneens sterk betrokken. Alle entiteiten van het eerste niveau waar de risico&rsquo;s ontstaan (bv. de commerci&euml;le entiteiten, de Back-Office, ...), de Compliance-functie en de Audit-functie zijn immers belangrijke entiteiten zonder dewelke het risicobeheer niet doeltreffend zou kunnen zijn. Ander controle-entiteiten zijn eveneens betrokken bij het risicobeheer, zoals de Human Resources of het Legal-departement.&nbsp;</p>\\r\\n<p>Binnen de Bank wordt het &laquo;&nbsp;Risk Management Process&nbsp;&raquo; georganiseerd op basis van 5 controleniveaus die doorgaans de &laquo;&nbsp;verdedigingslinies&nbsp;&raquo; worden genoemd.</p>\\r\\n<p>De commerci&euml;le en bedrijfseenheden vormen de eerste verdedigingslinie van de Bank. Zij zijn verantwoordelijk voor de identificatie van de risico\'s die verbonden zijn aan elke verrichting en moeten de opgelegde procedures en limieten naleven. De tweede verdedigingslinie omvat de controlefuncties (Risk en Compliance) die zich ervan moeten verzekeren dat de risico&rsquo;s door de commerci&euml;le en bedrijfseenheden goed ge&iuml;dentificeerd en beheerd werden volgens de toepasselijke regels en procedures. De derde verdedigingslinie bestaat uit de Interne Audit, die toeziet op de naleving van de regels en procedures door de eerste en de tweede verdedigingslinie. De Externe Audit is de vierde verdedigingslinie en de regelgevende autoriteiten vormen de vijfde verdedigingslinie.</p>\\r\\n<p>Teneinde ervoor te zorgen dat het risicobeheer doeltreffend en afdoend is, bestaat er een wisselwerking tussen deze 5 verdedigingslinies, maar ook met de Raad van Bestuur en het Directiecomit&eacute;.</p>\"}', '{\"fr\": {\"title\": null, \"og:type\": null, \"og:image\": null, \"og:title\": null, \"description\": null, \"og:description\": null}, \"nl\": {\"title\": null, \"og:type\": null, \"og:image\": null, \"og:title\": null, \"description\": null, \"og:description\": null}}', 50, NULL, 48, 0, '2017-12-04 18:29:08', NULL, '2017-12-04 17:28:08', '2017-12-04 17:29:08'),
(56, '{\"fr\": \"Fiche d\'information de la protection des dépôts\", \"nl\": \"Informatiefiche over de depositobescherming\"}', '{\"fr\": \"fiche-dinformation-de-la-protection-des-depots\", \"nl\": \"informatiefiche-over-de-depositobescherming\"}', '{\"fr\": null, \"nl\": null}', '{\"fr\": null, \"nl\": null}', '{\"fr\": \"<table border=\\\"0\\\" width=\\\"100%\\\">\\r\\n<tbody>\\r\\n<tr>\\r\\n<td width=\\\"40%\\\">\\r\\n<p>La protection des d&eacute;p&ocirc;ts effectu&eacute;s aupr&egrave;s de <strong>Puilaetco Dewaay Private Bankers</strong> est assur&eacute;e par :</p>\\r\\n</td>\\r\\n<td width=\\\"60%\\\">\\r\\n<p>Le Fonds de garantie (BE)</p>\\r\\n</td>\\r\\n</tr>\\r\\n<tr>\\r\\n<td width=\\\"40%\\\">\\r\\n<p>Plafond de la protection :</p>\\r\\n</td>\\r\\n<td width=\\\"60%\\\">\\r\\n<p>100 000 EUR par d&eacute;posant et par &eacute;tablissement de cr&eacute;dit <sup>(1)</sup></p>\\r\\n</td>\\r\\n</tr>\\r\\n<tr>\\r\\n<td width=\\\"40%\\\">\\r\\n<p>Si vous avez plusieurs d&eacute;p&ocirc;ts dans le m&ecirc;me &eacute;tablissement de cr&eacute;dit:</p>\\r\\n</td>\\r\\n<td width=\\\"60%\\\">\\r\\n<p>Tous vos d&eacute;p&ocirc;ts dans le m&ecirc;me &eacute;tablissement de cr&eacute;dit sont additionn&eacute;s et le total est plafonn&eacute; &agrave; 100 000 EUR <sup>(1)</sup></p>\\r\\n</td>\\r\\n</tr>\\r\\n<tr>\\r\\n<td width=\\\"40%\\\">\\r\\n<p>Si vous d&eacute;tenez un compte joint avec une ou plusieurs autres personnes:</p>\\r\\n</td>\\r\\n<td width=\\\"60%\\\">\\r\\n<p>Le plafond de 100 000 EUR s&rsquo;applique &agrave; chaque d&eacute;posant s&eacute;par&eacute;ment <sup>(2)</sup></p>\\r\\n</td>\\r\\n</tr>\\r\\n<tr>\\r\\n<td width=\\\"40%\\\">\\r\\n<p>D&eacute;lai de remboursement en cas de d&eacute;faillance de l&rsquo;&eacute;tablissement de cr&eacute;dit:</p>\\r\\n</td>\\r\\n<td width=\\\"60%\\\">\\r\\n<p>20 jours ouvrables <sup>(3)</sup></p>\\r\\n</td>\\r\\n</tr>\\r\\n<tr>\\r\\n<td width=\\\"40%\\\">\\r\\n<p>Monnaie du remboursement:</p>\\r\\n</td>\\r\\n<td width=\\\"60%\\\">\\r\\n<p>Euro</p>\\r\\n</td>\\r\\n</tr>\\r\\n<tr>\\r\\n<td width=\\\"40%\\\">\\r\\n<p>Correspondant:</p>\\r\\n</td>\\r\\n<td width=\\\"60%\\\">\\r\\n<p>Fonds de garantie pour les services financiers</p>\\r\\n<p>Service Public F&eacute;d&eacute;ral Finances</p>\\r\\n<p>Administration g&eacute;n&eacute;rale de la Tr&eacute;sorerie</p>\\r\\n<p>Avenue des Arts 30</p>\\r\\n<p>BE &ndash; 1040 Bruxelles</p>\\r\\n<p>T&eacute;l. : 32.2.574.78.40</p>\\r\\n<p>Fax 32.2.579.69.19</p>\\r\\n<p>E-mail : <a href=\\\"mailto:fondsdegarantie.tresorerie@minfin.fed.be\\\">fondsdegarantie.tresorerie@minfin.fed.be</a></p>\\r\\n</td>\\r\\n</tr>\\r\\n<tr>\\r\\n<td width=\\\"40%\\\">\\r\\n<p>Pour en savoir plus:</p>\\r\\n</td>\\r\\n<td width=\\\"60%\\\">\\r\\n<p>Site web : http://fondsdegarantie.belgium.be/fr</p>\\r\\n</td>\\r\\n</tr>\\r\\n<tr>\\r\\n<td width=\\\"40%\\\">\\r\\n<p>Accus&eacute; de r&eacute;ception par le d&eacute;posant <sup>(4)</sup></p>\\r\\n</td>\\r\\n<td width=\\\"60%\\\">\\r\\n<p>Le : ..../..../....</p>\\r\\n</td>\\r\\n</tr>\\r\\n</tbody>\\r\\n</table>\\r\\n<h2>Informations compl&eacute;mentaires</h2>\\r\\n<p><sup>(1)</sup> Limite g&eacute;n&eacute;rale de la protection</p>\\r\\n<p>Si un d&eacute;p&ocirc;t est indisponible parce qu&rsquo;un &eacute;tablissement de cr&eacute;dit n&rsquo;est pas en mesure d&rsquo;honorer ses obligations financi&egrave;res, les d&eacute;posants sont rembours&eacute;s par un syst&egrave;me de garantie des d&eacute;p&ocirc;ts. Le remboursement est plafonn&eacute; &agrave; 100.000 EUR par personne et par &eacute;tablissement de cr&eacute;dit. Cela signifie que tous les d&eacute;p&ocirc;ts aupr&egrave;s d&rsquo;un m&ecirc;me &eacute;tablissement de cr&eacute;dit sont additionn&eacute;s afin de d&eacute;terminer le niveau de garantie. Si, par exemple, un d&eacute;posant d&eacute;tient un compte d&rsquo;&eacute;pargne dont le solde s&rsquo;&eacute;l&egrave;ve &agrave; 90.000 EUR et un compte courant dont le solde s&rsquo;&eacute;l&egrave;ve &agrave; 20.000 EUR, son remboursement sera limit&eacute; &agrave; 100.000 EUR.</p>\\r\\n<p>A certaines conditions, les d&eacute;p&ocirc;ts suivants sont garantis au-del&agrave; de 100.000 EUR :</p>\\r\\n<p>Il s&rsquo;agit des d&eacute;p&ocirc;ts (i) r&eacute;sultant de transactions immobili&egrave;res relatives &agrave; des biens priv&eacute;s d&rsquo;habitation, (ii) des d&eacute;p&ocirc;ts qui sont li&eacute;s &agrave; des &eacute;v&eacute;nements particuliers de la vie d&rsquo;un d&eacute;posant et qui remplissent certains objectifs sociaux et (iii) des d&eacute;p&ocirc;ts qui r&eacute;sultent du paiement de prestations d&rsquo;assurance ou d&rsquo;indemnisations accord&eacute;es aux victimes d&rsquo;infractions p&eacute;nales ou d&rsquo;erreurs judiciaires.</p>\\r\\n<p>&nbsp;Pour en savoir plus : <a href=\\\"http://fondsdegarantie.belgium.be/fr\\\">http://fondsdegarantie.belgium.be/fr</a></p>\\r\\n<p>&nbsp;<sup>(2)</sup> Limite de protection des comptes joints</p>\\r\\n<p>En cas de comptes joints, le plafond de 100.000 EUR s&rsquo;applique &agrave; chaque d&eacute;posant. Les d&eacute;p&ocirc;ts d&eacute;tenus sur un compte joint sont rembours&eacute;s selon les parts revenant aux personnes ayant droit sur ces avoirs. &Agrave; d&eacute;faut de dispositions particuli&egrave;res, le compte est r&eacute;parti de fa&ccedil;on &eacute;gale entre les ayants droit. Cependant, les d&eacute;p&ocirc;ts sur un compte sur lequel deux personnes au moins ont des droits en leur qualit&eacute; de membre d&rsquo;une association, d&rsquo;un groupement, ou d&rsquo;une indivision non dot&eacute;s de la personnalit&eacute; juridique, sont, pour le calcul du plafond de 100.000 EUR, regroup&eacute;s et trait&eacute;s comme s&rsquo;ils &eacute;taient effectu&eacute;s par un d&eacute;posant unique, &agrave; moins que les membres puissent exercer individuellement des droits sur les avoirs en compte et que l&rsquo;identit&eacute; de chacun d&rsquo;eux puisse &ecirc;tre &eacute;tablie.</p>\\r\\n<p>&nbsp;<sup>(3)</sup> Remboursement</p>\\r\\n<p>Le syst&egrave;me de garantie des d&eacute;p&ocirc;ts comp&eacute;tent est le Fonds de garantie pour les services financiers</p>\\r\\n<p>Site web : http://fondsdegarantie.belgium.be/fr</p>\\r\\n<p>Il remboursera vos d&eacute;p&ocirc;ts jusqu&rsquo;&agrave; 100.000 EUR dans un d&eacute;lai maximal de 20 jours ouvrables, qui sera progressivement ramen&eacute; &agrave; un d&eacute;lai de 7 jours ouvrables au plus tard en 2024. Tant que ce d&eacute;lai ne sera pas ramen&eacute; &agrave; 7 jours ouvrables maximum, le Fonds de garantie veillera &agrave; ce que les d&eacute;posants aient acc&egrave;s &agrave; un montant suffisant de leurs d&eacute;p&ocirc;ts assur&eacute;s pour couvrir le co&ucirc;t de la vie dans un d&eacute;lai de cinq jours ouvrables suivant une demande. Pour en savoir plus : http://fondsdegarantie.belgium.be/fr</p>\\r\\n<p>Si vous n&rsquo;avez pas &eacute;t&eacute; rembours&eacute;(e) dans ces d&eacute;lais, veuillez prendre contact avec le syst&egrave;me de garantie des d&eacute;p&ocirc;ts, car le d&eacute;lai de pr&eacute;sentation d&rsquo;une demande de remboursement peut &ecirc;tre limit&eacute;. Pour en savoir plus : http://fondsdegarantie.belgium.be/fr</p>\\r\\n<p>&nbsp;<sup>(4)</sup> Accus&eacute; de r&eacute;ception</p>\\r\\n<p>Il n&rsquo;est pas accus&eacute; r&eacute;ception &agrave; l&rsquo;occasion de l&rsquo;envoi annuel de la fiche d&rsquo;information.</p>\\r\\n<h2>Autres informations importantes</h2>\\r\\n<p>En g&eacute;n&eacute;ral, tous les d&eacute;posants, qu&rsquo;ils soient des particuliers ou des entreprises, sont couverts par le syst&egrave;me de garantie des d&eacute;p&ocirc;ts. Les exceptions applicables &agrave; certains types de d&eacute;p&ocirc;ts ou de d&eacute;posants sont indiqu&eacute;es sur le site internet du syst&egrave;me de garantie des d&eacute;p&ocirc;ts comp&eacute;tent. Votre &eacute;tablissement de cr&eacute;dit vous indiquera aussi sur demande si certains d&eacute;p&ocirc;ts sont &eacute;ligibles ou non. Si un d&eacute;p&ocirc;t est &eacute;ligible, l&rsquo;&eacute;tablissement de cr&eacute;dit le confirmera &eacute;galement sur vos extraits de compte.</p>\", \"nl\": \"<table border=\\\"0\\\" width=\\\"100%\\\">\\r\\n<tbody>\\r\\n<tr>\\r\\n<td width=\\\"40%\\\">\\r\\n<p>Deposito&rsquo;s verricht bij <strong>Puilaetco Dewaay Private Bankers</strong> worden beschermd door :</p>\\r\\n</td>\\r\\n<td width=\\\"60%\\\">\\r\\n<p>Het Garantiefonds (BE)</p>\\r\\n</td>\\r\\n</tr>\\r\\n<tr>\\r\\n<td width=\\\"40%\\\">\\r\\n<p>Beschermingslimiet :</p>\\r\\n</td>\\r\\n<td width=\\\"60%\\\">\\r\\n<p>100.000 euro per deposant en per kredietinstelling <sup>(1)</sup></p>\\r\\n</td>\\r\\n</tr>\\r\\n<tr>\\r\\n<td width=\\\"40%\\\">\\r\\n<p>Indien u verscheidene deposito&rsquo;s heeft</p>\\r\\n<p>bij dezelfde kredietinstelling :</p>\\r\\n</td>\\r\\n<td width=\\\"60%\\\">\\r\\n<p>Al uw deposito&rsquo;s bij dezelfde kredietinstelling worden bij elkaar opgeteld en op het totaalbedrag wordt de limiet van 100.000 euro toegepast <sup>(1)</sup></p>\\r\\n</td>\\r\\n</tr>\\r\\n<tr>\\r\\n<td width=\\\"40%\\\">\\r\\n<p>Indien u een gemeenschappelijke rekening heeft met een andere persoon/andere personen :</p>\\r\\n</td>\\r\\n<td width=\\\"60%\\\">\\r\\n<p>De limiet van 100.000 euro is op elke deposant afzonderlijk van toepassing <sup>(2)</sup></p>\\r\\n</td>\\r\\n</tr>\\r\\n<tr>\\r\\n<td width=\\\"40%\\\">\\r\\n<p>Terugbetalingstermijn indien een kredietinstelling niet langer aan haar verplichtingen kan voldoen :</p>\\r\\n</td>\\r\\n<td width=\\\"60%\\\">\\r\\n<p>20 werkdagen <sup>(3)</sup></p>\\r\\n</td>\\r\\n</tr>\\r\\n<tr>\\r\\n<td width=\\\"40%\\\">\\r\\n<p>Munteenheid van terugbetaling :</p>\\r\\n</td>\\r\\n<td width=\\\"60%\\\">\\r\\n<p>euro</p>\\r\\n</td>\\r\\n</tr>\\r\\n<tr>\\r\\n<td width=\\\"40%\\\">\\r\\n<p>Contact :</p>\\r\\n</td>\\r\\n<td width=\\\"302\\\">\\r\\n<p>Garantiefonds voor financi&euml;le diensten</p>\\r\\n<p>Federale Overheidsdienst Financi&euml;n</p>\\r\\n<p>Algemene Administratie van de Thesaurie</p>\\r\\n<p>Kunstlaan 30</p>\\r\\n<p>B&ndash;1040 Brussel</p>\\r\\n<p>Tel. : 32.2.574.78.40</p>\\r\\n<p>Fax : 32.2.579.69.19</p>\\r\\n<p>E-mail : <a href=\\\"mailto:garantiefonds.thesaurie@minfin.fed.be\\\">garantiefonds.thesaurie@minfin.fed.be</a></p>\\r\\n<p>&nbsp;</p>\\r\\n</td>\\r\\n</tr>\\r\\n<tr>\\r\\n<td width=\\\"40%\\\">\\r\\n<p>Meer informatie:</p>\\r\\n</td>\\r\\n<td width=\\\"60%\\\">\\r\\n<p>Website : http://garantiefonds.belgium.be/nl</p>\\r\\n</td>\\r\\n</tr>\\r\\n<tr>\\r\\n<td width=\\\"40%\\\">\\r\\n<p>Bevestiging van ontvangst door de deposant <sup>(4)</sup>:</p>\\r\\n</td>\\r\\n<td width=\\\"60%\\\">\\r\\n<p>..../..../....</p>\\r\\n</td>\\r\\n</tr>\\r\\n</tbody>\\r\\n</table>\\r\\n<h2>Aanvullende informatie:</h2>\\r\\n<p>p&gt; <sup>(1)</sup> Algemene beschermingslimiet</p>\\r\\n<p>Indien een deposito onbeschikbaar is omdat een kredietinstelling niet aan haar financi&euml;le verplichtingen kan voldoen, worden de deposanten terugbetaald door een depositogarantiestelsel. De terugbetaling bedraagt ten hoogste 100.000 euro per persoon en per kredietinstelling. Dit betekent dat alle deposito&rsquo;s bij dezelfde kredietinstelling bij elkaar worden opgeteld om het bedrag te bepalen dat wordt gedekt. Als een deposant bijvoorbeeld een spaarrekening met 90.000 euro en een zichtrekening met 20.000 euro heeft, dan ontvangt hij of zij een terugbetaling van slechts 100.000 euro.</p>\\r\\n<p>Onder bepaalde voorwaarden zijn de volgende deposito&rsquo;s voor meer dan 100.000 euro gedekt :</p>\\r\\n<p>Het gaat meer bepaald om (i) de deposito&rsquo;s die het resultaat zijn van onroerendgoedtransacties met betrekking tot particuliere woningen, (ii) de deposito&rsquo;s die verband houden met bepaalde levensgebeurtenissen van een deposant en die bepaalde sociale doelen dienen, en (iii) de deposito&rsquo;s die gebaseerd zijn op de uitbetaling van verzekeringsuitkeringen of vergoedingen voor schade door criminele activiteiten of onterechte veroordeling.</p>\\r\\n<p>Voor meer informatie : <a href=\\\"http://garantiefonds.belgium.be/nl\\\">http://garantiefonds.belgium.be/nl</a> <sup>(2)</sup></p>\\r\\n<p>Beschermingslimiet voor gemeenschappelijke rekeningenABij gemeenschappelijke rekeningen geldt de limiet van 100.000 euro voor elke deposant afzonderlijk. Voor de deposito&rsquo;s op een gemeenschappelijke rekening wordt een terugbetaling verleend op grond van het aandeel dat aan elke rechthebbende op die tegoeden toekomt. Zonder bijzondere bepalingen wordt de rekening gelijkelijk over de rechthebbenden verdeeld. Voor deposito&rsquo;s op een rekening waarop twee of meer personen rechten kunnen doen gelden als lid van een vereniging, groepering of onverdeeldheid zonder rechtspersoonlijkheid, geldt dat, voor de berekening van de limiet van 100.000 euro, deze deposito&rsquo;s worden samengevoegd en behandeld als een door &eacute;&eacute;n enkele deposant gestort deposito, tenzij de leden individueel rechten kunnen doen gelden op de tegoeden op die rekening en de identiteit van ieder van hen kan worden vastgesteld.</p>\\r\\n<p><sup>(3)</sup> Terugbetaling: Het bevoegde depositogarantiestelsel is het Garantiefonds voor financi&euml;le diensten. Website : http://garantiefonds.belgium.be/nl</p>\\r\\n<p>Het Garantiefonds zal uw deposito&rsquo;s tot 100.000 euro uiterlijk binnen een termijn van 20 werkdagen, die geleidelijk zal worden teruggebracht tot een termijn van 7 werkdagen ten laatste in 2024, terugbetalen. Zolang die termijn niet zal zijn teruggebracht tot maximaal 7 werkdagen, zal het Garantiefonds erop toezien dat de deposanten binnen vijf werkdagen van hun verzoek toegang krijgen tot een passend bedrag van hun gewaarborgde deposito&rsquo;s om in de kosten van levensonderhoud te kunnen voorzien. Voor meer informatie : http://garantiefonds.belgium.be/nl</p>\\r\\n<p>Als u binnen voornoemde termijn geen terugbetaling heeft ontvangen, moet u zelf contact opnemen met het depositogarantiestelsel, omdat de termijn voor de indiening van een terugbetalingsaanvraag beperkt kan zijn. Voor meer informatie : http://garantiefonds.belgium.be/nl.</p>\\r\\n<p><sup>(4)</sup> Ontvangstbevestiging: Bij de jaarlijkse verzending van de informatiefiche is er geen ontvangstbevestiging.</p>\\r\\n<h2>Overige belangrijke informatie:</h2>\\r\\n<p>In het algemeen vallen alle deposanten, zowel particulieren als ondernemingen, onder het depositogarantiestelsel. Voor bepaalde deposito&rsquo;s of deposanten geldt een uitzondering. Die uitzonderingen worden op de website van het bevoegde depositogarantiestelsel vermeld. Ook zal uw kredietinstelling u op verzoek meedelen of bepaalde deposito&rsquo;s al dan niet in aanmerking komen. Als een deposito in aanmerking komt, zal de kredietinstelling dit ook bevestigen op uw rekeningafschriften.</p>\"}', '{\"fr\": {\"title\": null, \"og:type\": null, \"og:image\": null, \"og:title\": null, \"description\": null, \"og:description\": null}, \"nl\": {\"title\": null, \"og:type\": null, \"og:image\": null, \"og:title\": null, \"description\": null, \"og:description\": null}}', 50, NULL, 49, 0, '2017-12-04 18:42:56', NULL, '2017-12-04 17:31:50', '2017-12-04 17:42:56'),
(57, '{\"fr\": \"Taux créditeurs\", \"nl\": \"Creditrente\"}', '{\"fr\": \"remuneration-des-comptes-a-vue\", \"nl\": \"creditrente\"}', '{\"fr\": null, \"nl\": null}', '{\"fr\": null, \"nl\": null}', '{\"fr\": \"<p>R&eacute;mun&eacute;ration des comptes &agrave; vue :</p>\\r\\n<ul>\\r\\n<li>EUR: 0%</li>\\r\\n<li>USD: &lt;=100k dollar: 0,50%; &gt;100k dollar: 0,70%</li>\\r\\n<li>autres devises:</li>\\r\\n</ul>\\r\\n<p>o&nbsp;&nbsp;&nbsp; Solde du compte &lt; 25.000&nbsp;euro&nbsp;&nbsp;&nbsp;&nbsp;&nbsp;&nbsp;&nbsp;&nbsp;&nbsp;&nbsp;&nbsp;&nbsp;&nbsp;&nbsp;&nbsp;: LIBOR &ndash; 0,68%</p>\\r\\n<p>o&nbsp;&nbsp;&nbsp; Solde du compte entre 25.000 euro et 125.000 euro&nbsp;: LIBOR - 0,43%</p>\\r\\n<p>o&nbsp;&nbsp;&nbsp; Solde du compte &gt;125.000 euro&nbsp;: LIBOR -0,305%</p>\\r\\n<p>Montant minimum de&nbsp;5,000 euro (ou &eacute;quivalent en devises) en cash chaque jour pendant tout le trimestre</p>\\r\\n<p>Calcul des int&eacute;r&ecirc;ts quotidien</p>\\r\\n<p>P&eacute;riodicit&eacute; : int&eacute;r&ecirc;ts pay&eacute;s chaque trimestre.</p>\\r\\n<p>&nbsp;</p>\", \"nl\": \"<p>Vergoeding zichtrekening:</p>\\r\\n<ul>\\r\\n<li>EUR: 0%</li>\\r\\n<li>USD: &lt;=100.000 dollar: 0,50%; &gt;100.000 $: 0,70%</li>\\r\\n<li>Andere valuta&rsquo;s:</li>\\r\\n</ul>\\r\\n<p>o&nbsp;&nbsp;&nbsp; Saldo van de rekening &lt; 25.000&nbsp;euro&nbsp;&nbsp;&nbsp;&nbsp;&nbsp;&nbsp;&nbsp;&nbsp;&nbsp;&nbsp;&nbsp;&nbsp;&nbsp;&nbsp;&nbsp;: LIBOR &ndash; 0,68%</p>\\r\\n<p>o&nbsp;&nbsp;&nbsp; Saldo van de rekening tussen 25.000 euro en 125.000 euro: LIBOR - 0,43%</p>\\r\\n<p>o&nbsp;&nbsp;&nbsp; Saldo van de rekening &gt;125.000 euro: LIBOR -0,305%</p>\\r\\n<p>Minimumbedrag van 5.000 euro (of tegenwaarde in deviezen) cash elke dag gedurende de hele periode van het trimester.</p>\\r\\n<p>Interestberekening: dagelijks.</p>\\r\\n<p>Periodiciteit: interest betaald op trimestri&euml;le basis.</p>\\r\\n<p>tegenwaarde in deviezen!</p>\"}', '{\"fr\": {\"title\": null, \"og:type\": null, \"og:image\": null, \"og:title\": null, \"description\": null, \"og:description\": null}, \"nl\": {\"title\": null, \"og:type\": null, \"og:image\": null, \"og:title\": null, \"description\": null, \"og:description\": null}}', NULL, NULL, 50, 0, '2017-12-13 15:48:45', NULL, '2017-12-12 09:16:29', '2017-12-13 14:48:45'),
(58, '{\"fr\": \"MiFID : Votre protection en tant qu\'investisseur\", \"nl\": \"MiFID: De bescherming van de belegger\"}', '{\"fr\": \"mifid-votre-protection-en-tant-quinvestisseur\", \"nl\": \"mifid-de-bescherming-van-de-belegger\"}', '{\"fr\": null, \"nl\": null}', '{\"fr\": \"Dans un monde financier qui pourrait apparaître complexe pour certains, il est important que nous puissions vous y guider tout en servant au mieux vos intérêts.\", \"nl\": \"In het kader van de MiFID-richtlijn is het onze plicht om u te informeren over de bescherming die u als belegger geniet.\"}', '{\"fr\": \"<p>Afin de vous informer sur les principaux instruments financiers, ou d&rsquo;en am&eacute;liorer votre compr&eacute;hension, vous retrouverez ci-dessous des vid&eacute;os explicatives.</p>\\r\\n<p>Cette brochure de Puilaetco Dewaay est destin&eacute;e &agrave; vous informer en tant qu&rsquo;investisseur de la protection dont vous b&eacute;n&eacute;ficiez en vertu de la Directive MiFID.</p>\\r\\n<h2>Guide pour l\'investisseur</h2>\\r\\n<p>Afin de vous informer sur les principaux instruments financiers, ou d&rsquo;en am&eacute;liorer votre compr&eacute;hension, vous retrouverez ci-dessous des fiches ainsi que des vid&eacute;os explicatives. Les fiches sont &eacute;galement disponibles en version papier aupr&egrave;s de votre banquier priv&eacute;, n&rsquo;h&eacute;sitez pas &agrave; les lui demander.</p>\\r\\n<h3>L\'investissement en actions</h3>\\r\\n<div class=\\\"video-wrapper\\\"><iframe src=\\\"https://www.youtube.com/embed/HdpIyONaRfc\\\" width=\\\"300\\\" height=\\\"150\\\" frameborder=\\\"0\\\" allowfullscreen=\\\"allowfullscreen\\\" data-mce-fragment=\\\"1\\\"></iframe></div>\\r\\n<h3>L\'investissement en Obligations</h3>\\r\\n<div class=\\\"video-wrapper\\\"><iframe src=\\\"https://www.youtube.com/embed/wl6wXm14dDg\\\" width=\\\"300\\\" height=\\\"150\\\" frameborder=\\\"0\\\" allowfullscreen=\\\"allowfullscreen\\\" data-mce-fragment=\\\"1\\\"></iframe></div>\\r\\n<h3>L\'investissement en Organismes de Placement Collectif</h3>\\r\\n<div class=\\\"video-wrapper\\\"><iframe src=\\\"https://www.youtube.com/embed/lC_8ZjGk3ZE\\\" width=\\\"300\\\" height=\\\"150\\\" frameborder=\\\"0\\\" allowfullscreen=\\\"allowfullscreen\\\" data-mce-fragment=\\\"1\\\"></iframe></div>\\r\\n<h3>L\'investissement en Produits Structur&eacute;s</h3>\\r\\n<div class=\\\"video-wrapper\\\"><iframe src=\\\"https://www.youtube.com/embed/T3j2rCiV5Y4\\\" width=\\\"300\\\" height=\\\"150\\\" frameborder=\\\"0\\\" allowfullscreen=\\\"allowfullscreen\\\"></iframe></div>\", \"nl\": \"<p>In deze brochure vindt u meer uitleg over de&nbsp;manier waarop het beleggingsprofiel en het&nbsp;beleggingsuniversum moeten worden ingevuld, alsook&nbsp;over de bescherming die voortvloeit uit de bepaling&nbsp;van deze twee elementen.</p>\\r\\n<h2>Beleggersgidsen</h2>\\r\\n<p>Puilaetco Dewaay stelt u voor verschillende activaklassen graag een aantal informatiefiches alsook video\'s voor, om u nog beter te kunnen informeren.</p>\\r\\n<h3>Beleggen in aandelen</h3>\\r\\n<div class=\\\"video-wrapper\\\"><iframe src=\\\"https://www.youtube.com/embed/j4hWzLjTSYg\\\" width=\\\"300\\\" height=\\\"150\\\" frameborder=\\\"0\\\" allowfullscreen=\\\"allowfullscreen\\\" data-mce-fragment=\\\"1\\\"></iframe></div>\\r\\n<h3>Beleggen in obligaties</h3>\\r\\n<div class=\\\"video-wrapper\\\"><iframe src=\\\"https://www.youtube.com/embed/pFPANxs_FBU\\\" width=\\\"300\\\" height=\\\"150\\\" frameborder=\\\"0\\\" allowfullscreen=\\\"allowfullscreen\\\"></iframe></div>\\r\\n<h3>Beleggen in instellingen voor collectieve belegging</h3>\\r\\n<div class=\\\"video-wrapper\\\"><iframe src=\\\"https://www.youtube.com/embed/BGfVxY_AUXY\\\" width=\\\"300\\\" height=\\\"150\\\" frameborder=\\\"0\\\" allowfullscreen=\\\"allowfullscreen\\\" data-mce-fragment=\\\"1\\\"></iframe></div>\\r\\n<h3>Beleggen in gestructureerde producten</h3>\\r\\n<div class=\\\"video-wrapper\\\"><iframe src=\\\"https://www.youtube.com/embed/KAaFI6Lz5QA\\\" width=\\\"300\\\" height=\\\"150\\\" frameborder=\\\"0\\\" allowfullscreen=\\\"allowfullscreen\\\" data-mce-fragment=\\\"1\\\"></iframe></div>\"}', '{\"fr\": {\"title\": null, \"og:type\": null, \"og:image\": null, \"og:title\": null, \"description\": null, \"og:description\": null}, \"nl\": {\"title\": null, \"og:type\": null, \"og:image\": null, \"og:title\": null, \"description\": null, \"og:description\": null}}', 6, NULL, 51, 0, '2017-12-15 16:08:20', NULL, '2017-12-15 13:19:11', '2017-12-15 15:08:20'),
(59, '{\"fr\": \"Page test\", \"nl\": null}', '{\"fr\": \"page-test\", \"nl\": \"\"}', '{\"fr\": null, \"nl\": null}', '{\"fr\": null, \"nl\": null}', '{\"fr\": null, \"nl\": null}', '{\"fr\": {\"title\": null, \"og:type\": null, \"og:image\": null, \"og:title\": null, \"description\": null, \"og:description\": null}, \"nl\": {\"title\": null, \"og:type\": null, \"og:image\": null, \"og:title\": null, \"description\": null, \"og:description\": null}}', NULL, NULL, 52, 0, NULL, NULL, '2018-01-05 12:58:06', '2018-01-05 14:24:54');

-- --------------------------------------------------------

--
-- Structure de la table `publications`
--

CREATE TABLE `publications` (
  `id` int(10) UNSIGNED NOT NULL,
  `name` json DEFAULT NULL,
  `slug` json DEFAULT NULL,
  `description` json DEFAULT NULL,
  `meta_values` json DEFAULT NULL,
  `order_column` int(11) DEFAULT NULL,
  `draft` tinyint(1) NOT NULL DEFAULT '1',
  `promoted_at` datetime DEFAULT NULL,
  `published_at` datetime DEFAULT NULL,
  `created_at` timestamp NULL DEFAULT NULL,
  `updated_at` timestamp NULL DEFAULT NULL
) ENGINE=InnoDB DEFAULT CHARSET=utf8mb4 COLLATE=utf8mb4_unicode_ci;

--
-- Déchargement des données de la table `publications`
--

INSERT INTO `publications` (`id`, `name`, `slug`, `description`, `meta_values`, `order_column`, `draft`, `promoted_at`, `published_at`, `created_at`, `updated_at`) VALUES
(1, '{\"fr\": \"Quasi voluptate dolor vel veniam non dolor porro.\", \"nl\": \"Quasi voluptate dolor vel veniam non dolor porro.\"}', '{\"fr\": \"quasi-voluptate-dolor-vel-veniam-non-dolor-porro\", \"nl\": \"quasi-voluptate-dolor-vel-veniam-non-dolor-porro\"}', '{\"fr\": \"Ea et laboriosam molestiae aut incidunt eum. Consequatur et eos recusandae. Porro qui suscipit deleniti quae corrupti magni sed. Laboriosam ea corrupti reprehenderit rerum ea. Animi molestiae aut enim aut. Quos aspernatur ut doloribus omnis fugiat reiciendis quis.\", \"nl\": \"Ea et laboriosam molestiae aut incidunt eum. Consequatur et eos recusandae. Porro qui suscipit deleniti quae corrupti magni sed. Laboriosam ea corrupti reprehenderit rerum ea. Animi molestiae aut enim aut. Quos aspernatur ut doloribus omnis fugiat reiciendis quis.\"}', NULL, NULL, 0, NULL, '2017-10-31 20:36:22', '2017-10-30 10:45:22', '2017-10-30 10:45:22'),
(2, '{\"fr\": \"Vitae quae eius ut libero.\", \"nl\": \"Vitae quae eius ut libero.\"}', '{\"fr\": \"vitae-quae-eius-ut-libero\", \"nl\": \"vitae-quae-eius-ut-libero\"}', '{\"fr\": \"Ipsam incidunt explicabo ut ex iure. Veniam qui minima et ut inventore sit harum. Est odit ea cum. Nulla sit ut et. Rerum quia doloribus nulla voluptatem aut sit voluptas. Explicabo explicabo reprehenderit consequatur mollitia accusamus.\", \"nl\": \"Ipsam incidunt explicabo ut ex iure. Veniam qui minima et ut inventore sit harum. Est odit ea cum. Nulla sit ut et. Rerum quia doloribus nulla voluptatem aut sit voluptas. Explicabo explicabo reprehenderit consequatur mollitia accusamus.\"}', NULL, NULL, 0, NULL, '2017-11-02 14:11:22', '2017-10-30 10:45:22', '2017-10-30 10:45:22'),
(3, '{\"fr\": \"Voluptatem id qui rerum sed porro sed.\", \"nl\": \"Voluptatem id qui rerum sed porro sed.\"}', '{\"fr\": \"voluptatem-id-qui-rerum-sed-porro-sed\", \"nl\": \"voluptatem-id-qui-rerum-sed-porro-sed\"}', '{\"fr\": \"Aut veniam aspernatur et modi vel et quo. Dolore quasi itaque doloribus maiores magni cum possimus. Ipsum autem alias quibusdam facilis eos cumque nostrum. Quidem ad eum dolores nulla. Corrupti tenetur consectetur aliquam. Molestiae culpa est necessitatibus optio commodi repellendus eos qui.\", \"nl\": \"Aut veniam aspernatur et modi vel et quo. Dolore quasi itaque doloribus maiores magni cum possimus. Ipsum autem alias quibusdam facilis eos cumque nostrum. Quidem ad eum dolores nulla. Corrupti tenetur consectetur aliquam. Molestiae culpa est necessitatibus optio commodi repellendus eos qui.\"}', NULL, NULL, 0, NULL, '2017-11-20 05:50:22', '2017-10-30 10:45:22', '2017-10-30 10:45:22'),
(4, '{\"fr\": \"Beatae odit sint numquam aliquid et molestiae.\", \"nl\": \"Beatae odit sint numquam aliquid et molestiae.\"}', '{\"fr\": \"beatae-odit-sint-numquam-aliquid-et-molestiae\", \"nl\": \"beatae-odit-sint-numquam-aliquid-et-molestiae\"}', '{\"fr\": \"Repellendus porro doloremque aspernatur ipsum aspernatur quo qui. Deleniti sed vel molestiae et perferendis aut ea. Numquam fugit asperiores sit. Neque omnis quae qui. Voluptas optio tempora repellat reprehenderit architecto aut odio. Iure minus eos soluta officiis aut dolorem voluptas.\", \"nl\": \"Repellendus porro doloremque aspernatur ipsum aspernatur quo qui. Deleniti sed vel molestiae et perferendis aut ea. Numquam fugit asperiores sit. Neque omnis quae qui. Voluptas optio tempora repellat reprehenderit architecto aut odio. Iure minus eos soluta officiis aut dolorem voluptas.\"}', NULL, NULL, 0, NULL, '2017-11-18 17:36:22', '2017-10-30 10:45:22', '2017-10-30 10:45:22'),
(5, '{\"fr\": \"Ut porro vel amet dignissimos vel.\", \"nl\": \"Ut porro vel amet dignissimos vel.\"}', '{\"fr\": \"ut-porro-vel-amet-dignissimos-vel\", \"nl\": \"ut-porro-vel-amet-dignissimos-vel\"}', '{\"fr\": \"Aut nihil cumque veniam voluptatibus hic aspernatur. Temporibus sed est officia saepe magni et ullam. Expedita aut enim placeat est quaerat debitis quasi. Dolor sed fuga dignissimos. Magni rerum unde aut quam. Velit commodi sit suscipit alias libero ea nostrum.\", \"nl\": \"Aut nihil cumque veniam voluptatibus hic aspernatur. Temporibus sed est officia saepe magni et ullam. Expedita aut enim placeat est quaerat debitis quasi. Dolor sed fuga dignissimos. Magni rerum unde aut quam. Velit commodi sit suscipit alias libero ea nostrum.\"}', NULL, NULL, 0, NULL, '2017-11-14 06:42:22', '2017-10-30 10:45:22', '2017-10-30 10:45:22'),
(6, '{\"fr\": \"Molestiae maxime vitae est aut maxime veritatis aut.\", \"nl\": \"Molestiae maxime vitae est aut maxime veritatis aut.\"}', '{\"fr\": \"molestiae-maxime-vitae-est-aut-maxime-veritatis-aut\", \"nl\": \"molestiae-maxime-vitae-est-aut-maxime-veritatis-aut\"}', '{\"fr\": \"Ut nesciunt eaque nemo hic. Harum non quidem consequatur quaerat neque aliquid laboriosam. Error est quae nostrum perspiciatis culpa quia et. Molestiae id assumenda quibusdam ut qui illo necessitatibus. Nobis vitae in voluptatem incidunt. Culpa esse ratione ea quaerat qui eum asperiores a.\", \"nl\": \"Ut nesciunt eaque nemo hic. Harum non quidem consequatur quaerat neque aliquid laboriosam. Error est quae nostrum perspiciatis culpa quia et. Molestiae id assumenda quibusdam ut qui illo necessitatibus. Nobis vitae in voluptatem incidunt. Culpa esse ratione ea quaerat qui eum asperiores a.\"}', NULL, NULL, 0, NULL, '2017-10-30 20:03:22', '2017-10-30 10:45:22', '2017-10-30 10:45:22'),
(7, '{\"fr\": \"Sint explicabo voluptatibus accusamus voluptatem dolores quas consequatur.\", \"nl\": \"Sint explicabo voluptatibus accusamus voluptatem dolores quas consequatur.\"}', '{\"fr\": \"sint-explicabo-voluptatibus-accusamus-voluptatem-dolores-quas-consequatur\", \"nl\": \"sint-explicabo-voluptatibus-accusamus-voluptatem-dolores-quas-consequatur\"}', '{\"fr\": \"Magni soluta perferendis quibusdam. Cupiditate totam soluta labore reiciendis consequatur explicabo temporibus. Magnam rerum est suscipit ea non voluptatibus inventore. Maxime reiciendis voluptas et et vero qui. Cumque tempore quae dolores cupiditate placeat aut. Mollitia sed deleniti possimus magni.\", \"nl\": \"Magni soluta perferendis quibusdam. Cupiditate totam soluta labore reiciendis consequatur explicabo temporibus. Magnam rerum est suscipit ea non voluptatibus inventore. Maxime reiciendis voluptas et et vero qui. Cumque tempore quae dolores cupiditate placeat aut. Mollitia sed deleniti possimus magni.\"}', NULL, NULL, 0, NULL, '2017-11-15 05:17:22', '2017-10-30 10:45:22', '2017-10-30 10:45:22'),
(8, '{\"fr\": \"Occaecati sapiente est aut veniam.\", \"nl\": \"Occaecati sapiente est aut veniam.\"}', '{\"fr\": \"occaecati-sapiente-est-aut-veniam\", \"nl\": \"occaecati-sapiente-est-aut-veniam\"}', '{\"fr\": \"Nihil sed voluptatem qui est sed rerum sint consequatur. Nesciunt voluptatem itaque ab quam inventore non deleniti veniam. Eos reiciendis ipsa et dolor quia vel at. Nulla eum unde autem perspiciatis rem quae quas. Ipsam accusamus beatae nobis aut ea sunt. Accusamus neque ut culpa quia omnis.\", \"nl\": \"Nihil sed voluptatem qui est sed rerum sint consequatur. Nesciunt voluptatem itaque ab quam inventore non deleniti veniam. Eos reiciendis ipsa et dolor quia vel at. Nulla eum unde autem perspiciatis rem quae quas. Ipsam accusamus beatae nobis aut ea sunt. Accusamus neque ut culpa quia omnis.\"}', NULL, NULL, 0, NULL, '2017-11-08 04:55:22', '2017-10-30 10:45:22', '2017-10-30 10:45:22'),
(9, '{\"fr\": \"Saepe tenetur quia autem ab sequi sunt.\", \"nl\": \"Saepe tenetur quia autem ab sequi sunt.\"}', '{\"fr\": \"saepe-tenetur-quia-autem-ab-sequi-sunt\", \"nl\": \"saepe-tenetur-quia-autem-ab-sequi-sunt\"}', '{\"fr\": \"Quia non aut animi a molestiae. Animi exercitationem nobis cumque nobis reprehenderit fugiat dolores. Dolores dolorem ipsa facilis dolorem delectus. Assumenda porro labore quia accusamus ea. Adipisci qui quaerat ab accusantium explicabo. Ullam tempore impedit nostrum iure occaecati qui sint.\", \"nl\": \"Quia non aut animi a molestiae. Animi exercitationem nobis cumque nobis reprehenderit fugiat dolores. Dolores dolorem ipsa facilis dolorem delectus. Assumenda porro labore quia accusamus ea. Adipisci qui quaerat ab accusantium explicabo. Ullam tempore impedit nostrum iure occaecati qui sint.\"}', NULL, NULL, 0, NULL, '2017-11-14 04:02:22', '2017-10-30 10:45:22', '2017-10-30 10:45:22'),
(10, '{\"fr\": \"Dolore id autem saepe voluptas temporibus.\", \"nl\": \"Dolore id autem saepe voluptas temporibus.\"}', '{\"fr\": \"dolore-id-autem-saepe-voluptas-temporibus\", \"nl\": \"dolore-id-autem-saepe-voluptas-temporibus\"}', '{\"fr\": \"Voluptatem nobis dolor a pariatur. In maiores praesentium dolor. Sit est magnam et architecto nostrum voluptate aut. Ut corporis non assumenda perspiciatis facilis. Aspernatur eveniet voluptates voluptate omnis voluptas iure omnis molestiae. Rerum cum accusantium ut at aliquam quo molestiae.\", \"nl\": \"Voluptatem nobis dolor a pariatur. In maiores praesentium dolor. Sit est magnam et architecto nostrum voluptate aut. Ut corporis non assumenda perspiciatis facilis. Aspernatur eveniet voluptates voluptate omnis voluptas iure omnis molestiae. Rerum cum accusantium ut at aliquam quo molestiae.\"}', NULL, NULL, 0, NULL, '2017-11-14 20:40:22', '2017-10-30 10:45:22', '2017-10-30 10:45:22'),
(11, NULL, '[]', NULL, NULL, NULL, 1, NULL, NULL, '2017-11-17 13:20:23', '2017-11-17 13:20:23');

-- --------------------------------------------------------

--
-- Structure de la table `relatable_articles`
--

CREATE TABLE `relatable_articles` (
  `article_id` int(10) UNSIGNED NOT NULL,
  `relatable_articles_id` int(10) UNSIGNED NOT NULL,
  `relatable_articles_type` varchar(255) COLLATE utf8mb4_unicode_ci NOT NULL
) ENGINE=InnoDB DEFAULT CHARSET=utf8mb4 COLLATE=utf8mb4_unicode_ci;

--
-- Déchargement des données de la table `relatable_articles`
--

INSERT INTO `relatable_articles` (`article_id`, `relatable_articles_id`, `relatable_articles_type`) VALUES
(15, 22, 'App\\Models\\Page'),
(17, 22, 'App\\Models\\Page'),
(18, 22, 'App\\Models\\Page'),
(35, 22, 'App\\Models\\Page'),
(38, 22, 'App\\Models\\Page'),
(39, 22, 'App\\Models\\Page');

-- --------------------------------------------------------

--
-- Structure de la table `relatable_pages`
--

CREATE TABLE `relatable_pages` (
  `page_id` int(10) UNSIGNED NOT NULL,
  `relatable_pages_id` int(10) UNSIGNED NOT NULL,
  `relatable_pages_type` varchar(255) COLLATE utf8mb4_unicode_ci NOT NULL
) ENGINE=InnoDB DEFAULT CHARSET=utf8mb4 COLLATE=utf8mb4_unicode_ci;

--
-- Déchargement des données de la table `relatable_pages`
--

INSERT INTO `relatable_pages` (`page_id`, `relatable_pages_id`, `relatable_pages_type`) VALUES
(4, 10, 'App\\Models\\Article'),
(8, 36, 'App\\Models\\Article'),
(21, 36, 'App\\Models\\Article'),
(37, 36, 'App\\Models\\Article');

-- --------------------------------------------------------

--
-- Structure de la table `requests`
--

CREATE TABLE `requests` (
  `id` int(10) UNSIGNED NOT NULL,
  `content` json DEFAULT NULL,
  `response` json DEFAULT NULL,
  `response_at` datetime DEFAULT NULL,
  `created_at` timestamp NULL DEFAULT NULL,
  `updated_at` timestamp NULL DEFAULT NULL
) ENGINE=InnoDB DEFAULT CHARSET=utf8mb4 COLLATE=utf8mb4_unicode_ci;

--
-- Déchargement des données de la table `requests`
--

INSERT INTO `requests` (`id`, `content`, `response`, `response_at`, `created_at`, `updated_at`) VALUES
(1, '{\"email\": \"bhills_3180@mailinator.com\", \"optin\": [\"true\"], \"phone\": \"3105553180\", \"_token\": \"wVJfTX9UWpdlJkSoBWixbtOoLjLUefVDhKLB8kAM\", \"comment\": \"Isnpmy lorem ipsum dolor sit amet, consectetur adipisicing elit, sed do eiusmod tempor incididunt ut labore et dolore magna aliqua.\", \"last_name\": \"Hills\", \"first_name\": \"Beverly\", \"request_object\": \"contact a\", \"request_referal_page\": \"http://pldw.byvoice.be/fr/contact/ecrivez-nous\"}', '{\"error\": true, \"message\": \"Wrong \\\"request_object\\\" value\"}', NULL, '2017-11-26 18:50:18', '2017-11-26 18:50:19'),
(2, '{\"email\": \"bhills_4057@mailinator.com\", \"optin\": [\"true\"], \"phone\": \"3105554057\", \"_token\": \"wVJfTX9UWpdlJkSoBWixbtOoLjLUefVDhKLB8kAM\", \"comment\": \"Qgtgth lorem ipsum dolor sit amet, consectetur adipisicing elit, sed do eiusmod tempor incididunt ut labore et dolore magna aliqua.\", \"last_name\": \"Hills\", \"first_name\": \"Beverly\", \"request_object\": \"contact a\", \"request_referal_page\": \"http://pldw.byvoice.be/fr/contact/ecrivez-nous\"}', '{\"error\": true, \"message\": \"Wrong \\\"request_object\\\" value\"}', NULL, '2017-11-26 19:01:33', '2017-11-26 19:01:33'),
(3, '{\"email\": \"bhills_7160@mailinator.com\", \"optin\": [\"true\"], \"phone\": \"3105557160\", \"_token\": \"wVJfTX9UWpdlJkSoBWixbtOoLjLUefVDhKLB8kAM\", \"comment\": \"Puhkym lorem ipsum dolor sit amet, consectetur adipisicing elit, sed do eiusmod tempor incididunt ut labore et dolore magna aliqua.\", \"last_name\": \"Hills\", \"first_name\": \"Beverly\", \"request_object\": \"contact\", \"request_referal_page\": \"http://pldw.byvoice.be/fr/contact/ecrivez-nous\"}', '{\"id\": 68}', NULL, '2017-11-26 19:02:22', '2017-11-26 19:02:23'),
(4, '{\"email\": \"bhills_1553@mailinator.com\", \"optin\": [\"true\"], \"phone\": \"3105551553\", \"_token\": \"wVJfTX9UWpdlJkSoBWixbtOoLjLUefVDhKLB8kAM\", \"comment\": \"Alpeog lorem ipsum dolor sit amet, consectetur adipisicing elit, sed do eiusmod tempor incididunt ut labore et dolore magna aliqua.\", \"last_name\": \"Hills\", \"first_name\": \"Beverly\", \"request_object\": \"contact\", \"request_referal_page\": \"http://pldw.byvoice.be/fr/contact/ecrivez-nous\"}', '{\"id\": 69}', NULL, '2017-11-26 19:49:19', '2017-11-26 19:49:20'),
(5, '{\"email\": \"bhills_0130@mailinator.com\", \"optin\": [\"true\"], \"phone\": \"3105550130\", \"_token\": \"wVJfTX9UWpdlJkSoBWixbtOoLjLUefVDhKLB8kAM\", \"comment\": \"Puwjoy lorem ipsum dolor sit amet, consectetur adipisicing elit, sed do eiusmod tempor incididunt ut labore et dolore magna aliqua.\", \"last_name\": \"Hills\", \"first_name\": \"Beverly\", \"request_object\": \"contact\", \"request_referal_page\": \"http://pldw.byvoice.be/fr/contact/ecrivez-nous\"}', '{\"id\": 70}', NULL, '2017-11-26 19:52:08', '2017-11-26 19:52:08'),
(6, '{\"email\": \"bhills_3140@mailinator.com\", \"optin\": [\"true\"], \"theme\": [\"newsletter.themes.economy\", \"newsletter.themes.sustainable\"], \"_token\": \"wVJfTX9UWpdlJkSoBWixbtOoLjLUefVDhKLB8kAM\", \"last_name\": \"Hills\", \"first_name\": \"Beverly\", \"request_object\": \"newsletter\", \"request_referal_page\": \"http://pldw.byvoice.be/fr/newsletter\"}', '{\"id\": 15}', NULL, '2017-11-26 20:19:55', '2017-11-26 20:19:56'),
(7, '{\"zip\": \"90210\", \"email\": \"bhills_9448@mailinator.com\", \"optin\": [\"true\"], \"phone\": \"3105559448\", \"_token\": \"wVJfTX9UWpdlJkSoBWixbtOoLjLUefVDhKLB8kAM\", \"gender\": \"f\", \"address\": \"9448 Beverly Dr\", \"country\": \"2\", \"discover\": \"4\", \"location\": \"Spbha\", \"last_name\": \"Hills\", \"first_name\": \"Beverly\", \"request_object\": \"landing\", \"request_referal_page\": \"http://pldw.byvoice.be/fr/landing\"}', '{\"error\": true, \"message\": \"Wrong value for crm.lead.discover: u\'4\'\"}', NULL, '2017-11-26 20:20:26', '2017-11-26 20:20:26'),
(8, '{\"email\": \"bhills_2724@mailinator.com\", \"optin\": [\"true\"], \"theme\": [\"newsletter.themes.culture\"], \"_token\": \"wVJfTX9UWpdlJkSoBWixbtOoLjLUefVDhKLB8kAM\", \"last_name\": \"Hills\", \"first_name\": \"Beverly\", \"request_object\": \"newsletter\", \"request_referal_page\": \"http://pldw.byvoice.be/fr/newsletter\"}', '{\"id\": 16}', NULL, '2017-11-26 20:58:19', '2017-11-26 20:58:20'),
(9, '{\"zip\": \"90210\", \"email\": \"bhills_210611@mailinator.com\", \"optin\": [\"true\"], \"phone\": \"3105552106\", \"_token\": \"wVJfTX9UWpdlJkSoBWixbtOoLjLUefVDhKLB8kAM\", \"gender\": \"female\", \"address\": \"2106 Beverly Dr\", \"country\": \"2\", \"discover\": \"press\", \"location\": \"Yewsh\", \"last_name\": \"Hills\", \"first_name\": \"Beverly\", \"request_object\": \"landing\", \"request_referal_page\": \"http://pldw.byvoice.be/fr/landing\"}', '{\"id\": 72}', NULL, '2017-11-26 21:16:29', '2017-11-26 21:16:29'),
(10, '{\"email\": \"jerome@voice.be\", \"optin\": [\"true\"], \"_token\": \"cVTeBF5PRHd26TAeJmm9lU8jRzPuj0BFL9tYlBCr\", \"last_name\": \"Test\", \"first_name\": \"test\", \"request_object\": \"newsletter\", \"request_content\": [\"newsletter.themes.heritage\", \"newsletter.themes.sustainable\"], \"request_referal_page\": \"http://pldw.byvoice.be/fr/newsletter\"}', '{\"id\": 19}', NULL, '2017-12-02 09:32:03', '2017-12-02 09:32:08'),
(11, '{\"email\": \"magali.dehemptinne@gmail.com\", \"optin\": [\"true\"], \"phone\": \"474791588\", \"_token\": \"pjmodkXXmijemy1HNcmsQrbjHluUFjKSrkVo6apv\", \"comment\": \"comment test\", \"last_name\": \"Test MDH\", \"first_name\": \"MDH\", \"request_object\": \"contact\", \"request_referal_page\": \"http://pldw.byvoice.be/fr/contact/ecrivez-nous\"}', '{\"id\": 83}', NULL, '2017-12-05 08:07:18', '2017-12-05 08:07:22'),
(12, '{\"email\": \"magali.dehemptinne@gmail.com\", \"optin\": [\"true\"], \"phone\": \"0474791588\", \"_token\": \"Pu830c6hP3K65syXGhXVgFIEAbrQ0YJk5HMxg5ve\", \"comment\": \"Test 1 -  8/12\", \"last_name\": \"de Hemptinne\", \"first_name\": \"Magali\", \"request_object\": \"contact\", \"request_referal_page\": \"http://pldw.byvoice.be/fr/contact/ecrivez-nous\"}', '{\"id\": 85}', NULL, '2017-12-08 09:07:13', '2017-12-08 09:07:18'),
(13, '{\"email\": \"magali.dehemptinne@gmail.com\", \"optin\": [\"true\"], \"phone\": \"474791588\", \"_token\": \"Pu830c6hP3K65syXGhXVgFIEAbrQ0YJk5HMxg5ve\", \"comment\": \"Test 2 8/12\", \"last_name\": \"de Hemptinne\", \"first_name\": \"Magali\", \"request_object\": \"contact\", \"request_referal_page\": \"http://pldw.byvoice.be/fr/contact/ecrivez-nous\"}', '{\"id\": 86}', NULL, '2017-12-08 09:09:04', '2017-12-08 09:09:05'),
(14, '{\"email\": \"magali.dehemptinne@gmail.com\", \"optin\": [\"true\"], \"_token\": \"Pu830c6hP3K65syXGhXVgFIEAbrQ0YJk5HMxg5ve\", \"last_name\": \"de Hemptinne\", \"first_name\": \"Magali\", \"request_object\": \"newsletter\", \"request_content\": [\"newsletter.themes.economy\", \"newsletter.themes.heritage\", \"newsletter.themes.sustainable\", \"newsletter.themes.culture\"], \"request_referal_page\": \"http://pldw.byvoice.be/fr/newsletter\"}', '{\"id\": 21}', NULL, '2017-12-08 09:10:45', '2017-12-08 09:10:46'),
(15, '{\"zip\": \"1050\", \"city\": \"Bruxelles\", \"email\": \"test@test.be\", \"optin\": [\"true\"], \"phone\": \"1234566\", \"_token\": \"5dsWIIu93aRVpRUDyVhqUIfFAt3gPJcotDobICHT\", \"gender\": \"female\", \"address\": \"Rue du test\", \"country\": \"base.be\", \"discover\": \"already_client\", \"last_name\": \"test\", \"first_name\": \"test\", \"request_object\": \"landing\", \"request_referal_page\": \"http://pldw.byvoice.be/fr/landing\"}', '{\"id\": 87}', NULL, '2017-12-08 09:21:42', '2017-12-08 09:21:43'),
(16, '{\"email\": \"yz@eeze.be\", \"optin\": [\"true\"], \"_token\": \"Pu830c6hP3K65syXGhXVgFIEAbrQ0YJk5HMxg5ve\", \"last_name\": \"XZ test\", \"first_name\": \"test Yz\", \"request_object\": \"newsletter\", \"request_content\": [\"newsletter.themes.economy\", \"newsletter.themes.heritage\"], \"request_referal_page\": \"http://pldw.byvoice.be/fr/newsletter\"}', '{\"id\": 22}', NULL, '2017-12-08 09:23:14', '2017-12-08 09:23:15'),
(17, '{\"email\": \"test@test.be\", \"optin\": [\"true\"], \"phone\": \"046552256\", \"_token\": \"5dsWIIu93aRVpRUDyVhqUIfFAt3gPJcotDobICHT\", \"comment\": null, \"last_name\": \"test\", \"first_name\": \"test\", \"request_object\": \"contact\", \"request_referal_page\": \"http://pldw.byvoice.be/fr/contact/ecrivez-nous\"}', '{\"id\": 88}', NULL, '2017-12-08 09:25:02', '2017-12-08 09:25:04'),
(18, '{\"email\": \"test@test.be\", \"optin\": [\"true\"], \"_token\": \"5dsWIIu93aRVpRUDyVhqUIfFAt3gPJcotDobICHT\", \"last_name\": \"test\", \"first_name\": \"test\", \"request_object\": \"newsletter\", \"request_content\": [\"newsletter.themes.heritage\", \"newsletter.themes.sustainable\"], \"request_referal_page\": \"http://pldw.byvoice.be/fr/newsletter\"}', '{\"id\": 23}', NULL, '2017-12-08 09:27:52', '2017-12-08 09:27:54'),
(19, '{\"email\": \"muriel.foucart@pldw.be\", \"optin\": [\"true\"], \"_token\": \"dQjyCvo2HV15FzxX4SL4DlzRjnJ6Hiul5JpikHTx\", \"last_name\": \"fcgykjdtck\", \"first_name\": \"fukfcyui\", \"request_object\": \"newsletter\", \"request_content\": [\"newsletter.themes.economy\", \"newsletter.themes.heritage\", \"newsletter.themes.sustainable\", \"newsletter.themes.culture\", \"newsletter.themes.news\"], \"request_referal_page\": \"http://pldw.byvoice.be/fr/newsletter\"}', '{\"id\": 4}', NULL, '2017-12-08 13:00:06', '2017-12-08 13:00:09'),
(20, '{\"email\": \"muriel.foucart@pldw.be\", \"optin\": [\"true\"], \"phone\": \"02/6794749\", \"_token\": \"dQjyCvo2HV15FzxX4SL4DlzRjnJ6Hiul5JpikHTx\", \"comment\": \"test\", \"last_name\": \"èigt!yirf§!ço\", \"first_name\": \"gtuoy!upo\", \"request_object\": \"contact\", \"request_referal_page\": \"http://pldw.byvoice.be/fr/contact/ecrivez-nous\"}', '\"Server error: `POST http://pldw.test.eezee-box.com/website_form/json` resulted in a `500 INTERNAL SERVER ERROR` response:\\n\\n    <html>\\n        <head>\\n            <title>Internal Server Error</title>\\n            \\n            \\n            <link  (truncated...)\\n\"', NULL, '2017-12-08 13:03:10', '2017-12-08 13:03:11'),
(21, '{\"zip\": \"1300\", \"city\": \"Limal\", \"email\": \"magali.dehemptinne@gmail.com\", \"optin\": [\"true\"], \"phone\": \"474791588\", \"_token\": \"ov8QfRgxeycXuxUbalEdAZZykUVFVcPsuvDNyqUH\", \"gender\": \"male\", \"address\": \"Rue Léon Deladrière\", \"country\": \"base.be\", \"discover\": \"already_client\", \"last_name\": \"Augustin\", \"first_name\": \"Dupond\", \"request_object\": \"landing\", \"request_referal_page\": \"http://pldw.byvoice.be/fr/landing\"}', '\"Server error: `POST http://pldw.test.eezee-box.com/website_form/json` resulted in a `500 INTERNAL SERVER ERROR` response:\\n\\n    <html>\\n        <head>\\n            <title>Internal Server Error</title>\\n            \\n            \\n            <link  (truncated...)\\n\"', NULL, '2017-12-11 07:52:37', '2017-12-11 07:52:38'),
(22, '{\"zip\": \"1300\", \"city\": \"Limal\", \"email\": \"magali.dehemptinne@gmail.com\", \"optin\": [\"true\"], \"phone\": \"474791588\", \"_token\": \"ov8QfRgxeycXuxUbalEdAZZykUVFVcPsuvDNyqUH\", \"gender\": \"male\", \"address\": \"Rue Léon Deladrière\", \"country\": \"base.be\", \"discover\": \"paper\", \"last_name\": \"Augustin\", \"first_name\": \"Dupond\", \"request_object\": \"landing\", \"request_referal_page\": \"http://pldw.byvoice.be/fr/landing\"}', '\"Server error: `POST http://pldw.test.eezee-box.com/website_form/json` resulted in a `500 INTERNAL SERVER ERROR` response:\\n\\n    <html>\\n        <head>\\n            <title>Internal Server Error</title>\\n            \\n            \\n            <link  (truncated...)\\n\"', NULL, '2017-12-11 07:53:01', '2017-12-11 07:53:01'),
(23, '{\"zip\": \"1234\", \"city\": \"Merci\", \"email\": \"hubertcanart@gmail.com\", \"optin\": [\"true\"], \"phone\": \"12334567\", \"_token\": \"GJxL7wAQQ7fO7tEa81WGrB581IhO7L16YySTIonm\", \"gender\": \"male\", \"address\": \"Bonjour\", \"country\": \"base.be\", \"discover\": \"already_client\", \"last_name\": \"Canart\", \"first_name\": \"Hubert\", \"request_object\": \"landing\", \"request_referal_page\": \"http://pldw.byvoice.be/fr/landing\"}', '{\"id\": 97}', NULL, '2017-12-11 09:10:22', '2017-12-11 09:10:24'),
(24, '{\"zip\": \"1300\", \"city\": \"Limal\", \"email\": \"magali.dehemptinne@gmail.com\", \"optin\": [\"true\"], \"phone\": \"474791588\", \"_token\": \"ov8QfRgxeycXuxUbalEdAZZykUVFVcPsuvDNyqUH\", \"gender\": \"male\", \"address\": \"Rue Léon Deladrière\", \"country\": \"base.be\", \"discover\": \"already_client\", \"last_name\": \"Augustin\", \"first_name\": \"Dupond\", \"request_object\": \"landing\", \"request_referal_page\": \"http://pldw.byvoice.be/fr/landing\"}', '\"Server error: `POST http://pldw.test.eezee-box.com/website_form/json` resulted in a `500 INTERNAL SERVER ERROR` response:\\n\\n    <html>\\n        <head>\\n            <title>Internal Server Error</title>\\n            \\n            \\n            <link  (truncated...)\\n\"', NULL, '2017-12-11 09:19:43', '2017-12-11 09:19:43'),
(25, '{\"zip\": \"1300\", \"city\": \"Wavre\", \"email\": \"jeremy.hermand@eezee-it.com\", \"optin\": [\"true\"], \"phone\": \"2423424\", \"_token\": \"m5IEhgePZ6QUOkncq3c90Nppw4dtHTcmwHbYpLdn\", \"gender\": \"male\", \"address\": \"Rue Léon Deladrière 15\", \"country\": \"base.be\", \"discover\": \"paper\", \"last_name\": \"Hermand\", \"first_name\": \"Jérémy\", \"request_object\": \"landing\", \"request_referal_page\": \"http://pldw.byvoice.be/fr/landing\"}', '\"Server error: `POST http://pldw.test.eezee-box.com/website_form/json` resulted in a `500 INTERNAL SERVER ERROR` response:\\n\\n    <html>\\n        <head>\\n            <title>Internal Server Error</title>\\n            \\n            \\n            <link  (truncated...)\\n\"', NULL, '2017-12-11 09:34:13', '2017-12-11 09:34:14'),
(26, NULL, '{\"id\": 106}', NULL, '2017-12-11 09:36:17', '2017-12-11 09:36:20'),
(27, NULL, '\"Server error: `POST http://pldw.test.eezee-box.com/website_form/json` resulted in a `500 INTERNAL SERVER ERROR` response:\\n\\n    <html>\\n        <head>\\n            <title>Internal Server Error</title>\\n            \\n            \\n            <link  (truncated...)\\n\"', NULL, '2017-12-11 09:39:18', '2017-12-11 09:39:20'),
(28, NULL, '{\"id\": 107}', NULL, '2017-12-11 09:48:08', '2017-12-11 09:48:10'),
(29, NULL, '{\"id\": 108}', NULL, '2017-12-11 09:49:02', '2017-12-11 09:49:03'),
(30, NULL, '{\"id\": 109}', NULL, '2017-12-11 09:49:02', '2017-12-11 09:49:03'),
(31, NULL, '{\"id\": 110}', NULL, '2017-12-11 10:04:10', '2017-12-11 10:04:13'),
(32, NULL, '{\"id\": 111}', NULL, '2017-12-11 10:08:03', '2017-12-11 10:08:04'),
(33, NULL, '{\"id\": 112}', NULL, '2017-12-11 10:11:36', '2017-12-11 10:11:36'),
(34, NULL, '{\"id\": 113}', NULL, '2017-12-11 10:13:57', '2017-12-11 10:13:58'),
(35, NULL, '{\"error\": true, \"message\": \"\'NoneType\' object has no attribute \'split\'\"}', NULL, '2017-12-11 11:49:17', '2017-12-11 11:49:18'),
(36, NULL, '{\"error\": true, \"message\": \"\'NoneType\' object has no attribute \'split\'\"}', NULL, '2017-12-11 11:49:49', '2017-12-11 11:49:49'),
(37, NULL, '{\"error\": true, \"message\": \"\'NoneType\' object has no attribute \'split\'\"}', NULL, '2017-12-11 11:51:03', '2017-12-11 11:51:04'),
(38, NULL, '{\"error\": true, \"message\": \"\'NoneType\' object has no attribute \'split\'\"}', NULL, '2017-12-11 11:51:41', '2017-12-11 11:51:41'),
(39, NULL, '{\"error\": true, \"message\": \"\'NoneType\' object has no attribute \'split\'\"}', NULL, '2017-12-11 11:52:07', '2017-12-11 11:52:08'),
(40, NULL, '{\"error\": true, \"message\": \"\'NoneType\' object has no attribute \'split\'\"}', NULL, '2017-12-11 11:52:31', '2017-12-11 11:52:32'),
(41, NULL, '{\"error\": true, \"message\": \"\'NoneType\' object has no attribute \'split\'\"}', NULL, '2017-12-11 11:52:33', '2017-12-11 11:52:34'),
(42, NULL, '{\"error\": true, \"message\": \"\'NoneType\' object has no attribute \'split\'\"}', NULL, '2017-12-11 12:19:40', '2017-12-11 12:19:42'),
(43, NULL, '{\"id\": 120}', NULL, '2017-12-11 12:27:13', '2017-12-11 12:27:14'),
(44, NULL, '{\"error\": true, \"message\": \"\'NoneType\' object has no attribute \'split\'\"}', NULL, '2017-12-11 12:27:48', '2017-12-11 12:27:50'),
(45, NULL, '{\"error\": true, \"message\": \"\'NoneType\' object has no attribute \'split\'\"}', NULL, '2017-12-11 12:29:11', '2017-12-11 12:29:12'),
(46, NULL, '{\"error\": true, \"message\": \"\'NoneType\' object has no attribute \'split\'\"}', NULL, '2017-12-11 13:02:55', '2017-12-11 13:02:55'),
(47, NULL, '{\"id\": 121}', NULL, '2017-12-11 13:28:47', '2017-12-11 13:28:48'),
(48, NULL, '{\"error\": true, \"message\": \"\'NoneType\' object has no attribute \'split\'\"}', NULL, '2017-12-11 13:37:53', '2017-12-11 13:37:53'),
(49, NULL, '{\"id\": 123}', NULL, '2017-12-11 13:43:10', '2017-12-11 13:43:11'),
(50, NULL, '{\"id\": 124}', NULL, '2017-12-11 13:43:28', '2017-12-11 13:43:29'),
(51, NULL, '{\"error\": true, \"message\": \"\'NoneType\' object has no attribute \'split\'\"}', NULL, '2017-12-11 13:49:31', '2017-12-11 13:49:32'),
(52, NULL, '{\"error\": true, \"message\": \"\'NoneType\' object has no attribute \'split\'\"}', NULL, '2017-12-11 13:50:08', '2017-12-11 13:50:09'),
(53, NULL, '{\"error\": true, \"message\": \"\'NoneType\' object has no attribute \'split\'\"}', NULL, '2017-12-11 13:52:50', '2017-12-11 13:52:52'),
(54, NULL, '{\"id\": 125}', NULL, '2017-12-11 13:53:09', '2017-12-11 13:53:10'),
(55, NULL, '{\"error\": true, \"message\": \"\'NoneType\' object has no attribute \'split\'\"}', NULL, '2017-12-11 13:54:51', '2017-12-11 13:54:54'),
(56, NULL, '\"Server error: `POST http://pldw.test.eezee-box.com/website_form/json` resulted in a `500 INTERNAL SERVER ERROR` response:\\n\\n    <html>\\n        <head>\\n            <title>Internal Server Error</title>\\n            \\n            \\n            <link  (truncated...)\\n\"', NULL, '2017-12-11 13:56:08', '2017-12-11 13:56:10'),
(57, NULL, '{\"error\": true, \"message\": \"\'NoneType\' object has no attribute \'split\'\"}', NULL, '2017-12-11 14:00:24', '2017-12-11 14:00:26'),
(58, NULL, '{\"error\": true, \"message\": \"\'NoneType\' object has no attribute \'split\'\"}', NULL, '2017-12-11 14:01:49', '2017-12-11 14:01:51'),
(59, NULL, '{\"id\": 126}', NULL, '2017-12-11 14:04:04', '2017-12-11 14:04:07'),
(60, NULL, '{\"id\": 127}', NULL, '2017-12-11 14:07:59', '2017-12-11 14:08:00'),
(61, NULL, '{\"id\": 128}', NULL, '2017-12-11 14:19:06', '2017-12-11 14:19:08'),
(62, NULL, '{\"id\": 129}', NULL, '2017-12-11 14:20:09', '2017-12-11 14:20:11'),
(63, NULL, '{\"id\": 130}', NULL, '2017-12-11 14:20:50', '2017-12-11 14:20:51'),
(64, NULL, '{\"id\": 131}', NULL, '2017-12-11 14:48:44', '2017-12-11 14:48:45'),
(65, NULL, '{\"id\": 133}', NULL, '2017-12-11 14:57:08', '2017-12-11 14:57:09'),
(66, NULL, '{\"id\": 134}', NULL, '2017-12-11 15:02:54', '2017-12-11 15:02:54'),
(67, NULL, '{\"id\": 135}', NULL, '2017-12-13 12:42:20', '2017-12-13 12:42:23'),
(68, NULL, '{\"id\": 136}', NULL, '2017-12-13 12:45:45', '2017-12-13 12:45:46'),
(69, NULL, '{\"id\": 137}', NULL, '2017-12-13 12:47:33', '2017-12-13 12:47:34'),
(70, NULL, '\"cURL error 7: Failed to connect to survey-pdb-acp.kbl-bank.com port 80: Connection timed out (see http://curl.haxx.se/libcurl/c/libcurl-errors.html)\"', NULL, '2017-12-14 12:56:33', '2017-12-14 12:58:41'),
(71, NULL, '\"cURL error 7: Failed to connect to survey-pdb-acp.kbl-bank.com port 80: Connection timed out (see http://curl.haxx.se/libcurl/c/libcurl-errors.html)\"', NULL, '2017-12-14 12:57:05', '2017-12-14 12:59:13'),
(72, NULL, '\"cURL error 7: Failed to connect to survey-pdb-acp.kbl-bank.com port 80: Connection timed out (see http://curl.haxx.se/libcurl/c/libcurl-errors.html)\"', NULL, '2017-12-14 12:58:57', '2017-12-14 13:01:05'),
(73, NULL, '\"cURL error 7: Failed to connect to survey-pdb-acp.kbl-bank.com port 80: Connection timed out (see http://curl.haxx.se/libcurl/c/libcurl-errors.html)\"', NULL, '2017-12-14 12:59:33', '2017-12-14 13:01:41'),
(74, NULL, '\"cURL error 7: Failed to connect to survey-pdb-acp.kbl-bank.com port 80: Connection timed out (see http://curl.haxx.se/libcurl/c/libcurl-errors.html)\"', NULL, '2017-12-14 13:00:07', '2017-12-14 13:02:15'),
(75, NULL, '\"cURL error 7: Failed to connect to survey-pdb-acp.kbl-bank.com port 80: Connection timed out (see http://curl.haxx.se/libcurl/c/libcurl-errors.html)\"', NULL, '2017-12-14 13:01:57', '2017-12-14 13:04:04'),
(76, NULL, '\"cURL error 7: Failed to connect to survey-pdb-acp.kbl-bank.com port 80: Connection timed out (see http://curl.haxx.se/libcurl/c/libcurl-errors.html)\"', NULL, '2017-12-14 13:02:28', '2017-12-14 13:04:35'),
(77, NULL, '\"cURL error 7: Failed to connect to survey-pdb-acp.kbl-bank.com port 80: Connection timed out (see http://curl.haxx.se/libcurl/c/libcurl-errors.html)\"', NULL, '2017-12-14 13:04:58', '2017-12-14 13:07:05'),
(78, NULL, '\"cURL error 7: Failed to connect to survey-pdb-acp.kbl-bank.com port 80: Connection timed out (see http://curl.haxx.se/libcurl/c/libcurl-errors.html)\"', NULL, '2017-12-14 13:05:28', '2017-12-14 13:07:35'),
(79, NULL, '\"cURL error 7: Failed to connect to survey-pdb-acp.kbl-bank.com port 80: Connection timed out (see http://curl.haxx.se/libcurl/c/libcurl-errors.html)\"', NULL, '2017-12-14 13:06:25', '2017-12-14 13:08:32'),
(80, NULL, '\"cURL error 7: Failed to connect to survey-pdb-acp.kbl-bank.com port 80: Connection timed out (see http://curl.haxx.se/libcurl/c/libcurl-errors.html)\"', NULL, '2017-12-14 13:06:34', '2017-12-14 13:08:41'),
(81, NULL, '\"cURL error 7: Failed to connect to survey-pdb-acp.kbl-bank.com port 80: Connection timed out (see http://curl.haxx.se/libcurl/c/libcurl-errors.html)\"', NULL, '2017-12-14 13:07:58', '2017-12-14 13:10:05'),
(82, NULL, '\"cURL error 7: Failed to connect to survey-pdb-acp.kbl-bank.com port 80: Connection timed out (see http://curl.haxx.se/libcurl/c/libcurl-errors.html)\"', NULL, '2017-12-14 13:08:54', '2017-12-14 13:11:02'),
(83, NULL, '\"cURL error 7: Failed to connect to survey-pdb-acp.kbl-bank.com port 80: Connection timed out (see http://curl.haxx.se/libcurl/c/libcurl-errors.html)\"', NULL, '2017-12-14 13:09:25', '2017-12-14 13:11:33'),
(84, NULL, '\"cURL error 7: Failed to connect to survey-pdb-acp.kbl-bank.com port 80: Connection timed out (see http://curl.haxx.se/libcurl/c/libcurl-errors.html)\"', NULL, '2017-12-14 13:09:34', '2017-12-14 13:11:41'),
(85, NULL, '\"cURL error 7: Failed to connect to survey-pdb-acp.kbl-bank.com port 80: Connection timed out (see http://curl.haxx.se/libcurl/c/libcurl-errors.html)\"', NULL, '2017-12-14 13:11:54', '2017-12-14 13:14:01'),
(86, NULL, '\"cURL error 7: Failed to connect to survey-pdb-acp.kbl-bank.com port 80: Connection timed out (see http://curl.haxx.se/libcurl/c/libcurl-errors.html)\"', NULL, '2017-12-14 13:12:06', '2017-12-14 13:14:14'),
(87, NULL, '\"cURL error 7: Failed to connect to survey-pdb-acp.kbl-bank.com port 80: Connection timed out (see http://curl.haxx.se/libcurl/c/libcurl-errors.html)\"', NULL, '2017-12-14 13:15:09', '2017-12-14 13:17:16'),
(88, NULL, '\"cURL error 7: Failed to connect to survey-pdb-acp.kbl-bank.com port 80: Connection timed out (see http://curl.haxx.se/libcurl/c/libcurl-errors.html)\"', NULL, '2017-12-14 13:15:52', '2017-12-14 13:17:59'),
(89, NULL, '\"cURL error 7: Failed to connect to survey-pdb-acp.kbl-bank.com port 80: Connection timed out (see http://curl.haxx.se/libcurl/c/libcurl-errors.html)\"', NULL, '2017-12-14 13:18:52', '2017-12-14 13:21:00'),
(90, NULL, '\"cURL error 7: Failed to connect to survey-pdb-acp.kbl-bank.com port 80: Connection timed out (see http://curl.haxx.se/libcurl/c/libcurl-errors.html)\"', NULL, '2017-12-14 13:36:53', '2017-12-14 13:39:01'),
(91, NULL, '\"cURL error 7: Failed to connect to survey-pdb-acp.kbl-bank.com port 80: Connection timed out (see http://curl.haxx.se/libcurl/c/libcurl-errors.html)\"', NULL, '2017-12-14 13:39:54', '2017-12-14 13:42:01'),
(92, NULL, '\"cURL error 7: Failed to connect to survey-pdb-acp.kbl-bank.com port 80: Connection timed out (see http://curl.haxx.se/libcurl/c/libcurl-errors.html)\"', NULL, '2017-12-15 06:38:08', '2017-12-15 06:40:16'),
(93, NULL, '\"cURL error 7: Failed to connect to survey-pdb-acp.kbl-bank.com port 80: Connection timed out (see http://curl.haxx.se/libcurl/c/libcurl-errors.html)\"', NULL, '2017-12-15 06:41:10', '2017-12-15 06:43:18'),
(94, NULL, '\"cURL error 7: Failed to connect to survey-pdb-acp.kbl-bank.com port 80: Connection timed out (see http://curl.haxx.se/libcurl/c/libcurl-errors.html)\"', NULL, '2017-12-15 06:43:12', '2017-12-15 06:45:20'),
(95, NULL, '\"cURL error 7: Failed to connect to survey-pdb-acp.kbl-bank.com port 80: Connection timed out (see http://curl.haxx.se/libcurl/c/libcurl-errors.html)\"', NULL, '2017-12-15 06:46:15', '2017-12-15 06:48:22'),
(96, NULL, '\"cURL error 7: Failed to connect to survey-pdb-acp.kbl-bank.com port 443: Connection timed out (see http://curl.haxx.se/libcurl/c/libcurl-errors.html)\"', NULL, '2017-12-18 15:58:53', '2017-12-18 16:01:00'),
(97, NULL, '\"cURL error 7: Failed to connect to survey-pdb-acp.kbl-bank.com port 443: Connection timed out (see http://curl.haxx.se/libcurl/c/libcurl-errors.html)\"', NULL, '2018-01-02 11:36:34', '2018-01-02 11:38:42');

-- --------------------------------------------------------

--
-- Structure de la table `taggables`
--

CREATE TABLE `taggables` (
  `tag_id` int(10) UNSIGNED NOT NULL,
  `taggable_id` int(10) UNSIGNED NOT NULL,
  `taggable_type` varchar(255) COLLATE utf8mb4_unicode_ci NOT NULL
) ENGINE=InnoDB DEFAULT CHARSET=utf8mb4 COLLATE=utf8mb4_unicode_ci;

--
-- Déchargement des données de la table `taggables`
--

INSERT INTO `taggables` (`tag_id`, `taggable_id`, `taggable_type`) VALUES
(4, 7, 'App\\Models\\Human'),
(4, 13, 'App\\Models\\Human'),
(4, 19, 'App\\Models\\Human'),
(1, 39, 'App\\Models\\Navigation'),
(3, 22, 'App\\Models\\Navigation'),
(9, 16, 'App\\Models\\Article'),
(6, 16, 'App\\Models\\Article'),
(10, 17, 'App\\Models\\Article'),
(6, 17, 'App\\Models\\Article'),
(19, 8, 'App\\Models\\Fragment'),
(5, 18, 'App\\Models\\Article'),
(5, 19, 'App\\Models\\Article'),
(5, 20, 'App\\Models\\Article'),
(5, 21, 'App\\Models\\Article'),
(9, 29, 'App\\Models\\Article'),
(6, 29, 'App\\Models\\Article'),
(8, 32, 'App\\Models\\Article'),
(6, 32, 'App\\Models\\Article'),
(7, 14, 'App\\Models\\Article'),
(6, 14, 'App\\Models\\Article'),
(4, 21, 'App\\Models\\Human'),
(4, 17, 'App\\Models\\Human'),
(17, 5, 'App\\Models\\Fragment'),
(16, 6, 'App\\Models\\Fragment'),
(1, 1, 'App\\Models\\Navigation'),
(1, 6, 'App\\Models\\Navigation'),
(1, 13, 'App\\Models\\Navigation'),
(1, 14, 'App\\Models\\Navigation'),
(1, 8, 'App\\Models\\Navigation'),
(1, 7, 'App\\Models\\Navigation'),
(1, 10, 'App\\Models\\Navigation'),
(1, 11, 'App\\Models\\Navigation'),
(1, 9, 'App\\Models\\Navigation'),
(1, 25, 'App\\Models\\Navigation'),
(1, 26, 'App\\Models\\Navigation'),
(1, 29, 'App\\Models\\Navigation'),
(1, 30, 'App\\Models\\Navigation'),
(1, 15, 'App\\Models\\Navigation'),
(1, 16, 'App\\Models\\Navigation'),
(1, 17, 'App\\Models\\Navigation'),
(1, 32, 'App\\Models\\Navigation'),
(1, 33, 'App\\Models\\Navigation'),
(1, 34, 'App\\Models\\Navigation'),
(1, 36, 'App\\Models\\Navigation'),
(1, 37, 'App\\Models\\Navigation'),
(1, 41, 'App\\Models\\Navigation'),
(1, 48, 'App\\Models\\Navigation'),
(2, 19, 'App\\Models\\Navigation'),
(3, 21, 'App\\Models\\Navigation'),
(2, 20, 'App\\Models\\Navigation'),
(3, 23, 'App\\Models\\Navigation'),
(21, 46, 'App\\Models\\Navigation'),
(7, 34, 'App\\Models\\Article'),
(5, 34, 'App\\Models\\Article'),
(10, 35, 'App\\Models\\Article'),
(6, 35, 'App\\Models\\Article'),
(7, 37, 'App\\Models\\Article'),
(6, 37, 'App\\Models\\Article'),
(4, 20, 'App\\Models\\Human'),
(4, 18, 'App\\Models\\Human'),
(22, 25, 'App\\Models\\Human'),
(22, 23, 'App\\Models\\Human'),
(22, 33, 'App\\Models\\Human'),
(22, 27, 'App\\Models\\Human'),
(22, 34, 'App\\Models\\Human'),
(22, 26, 'App\\Models\\Human'),
(22, 30, 'App\\Models\\Human'),
(22, 29, 'App\\Models\\Human'),
(13, 1, 'App\\Models\\Fragment'),
(15, 3, 'App\\Models\\Fragment'),
(21, 43, 'App\\Models\\Navigation'),
(21, 44, 'App\\Models\\Navigation'),
(21, 45, 'App\\Models\\Navigation'),
(24, 37, 'App\\Models\\Human'),
(24, 38, 'App\\Models\\Human'),
(24, 39, 'App\\Models\\Human'),
(24, 40, 'App\\Models\\Human'),
(24, 43, 'App\\Models\\Human'),
(25, 44, 'App\\Models\\Human'),
(25, 46, 'App\\Models\\Human'),
(25, 49, 'App\\Models\\Human'),
(25, 50, 'App\\Models\\Human'),
(25, 51, 'App\\Models\\Human'),
(25, 52, 'App\\Models\\Human'),
(25, 55, 'App\\Models\\Human'),
(25, 57, 'App\\Models\\Human'),
(25, 53, 'App\\Models\\Human'),
(25, 54, 'App\\Models\\Human'),
(25, 47, 'App\\Models\\Human'),
(3, 24, 'App\\Models\\Navigation'),
(10, 39, 'App\\Models\\Article'),
(6, 39, 'App\\Models\\Article'),
(20, 24, 'App\\Models\\Article'),
(20, 27, 'App\\Models\\Article'),
(1, 3, 'App\\Models\\Navigation'),
(1, 28, 'App\\Models\\Navigation'),
(1, 40, 'App\\Models\\Navigation'),
(2, 18, 'App\\Models\\Navigation'),
(2, 49, 'App\\Models\\Navigation'),
(1, 4, 'App\\Models\\Navigation'),
(4, 22, 'App\\Models\\Human'),
(4, 11, 'App\\Models\\Human'),
(4, 8, 'App\\Models\\Human'),
(21, 42, 'App\\Models\\Navigation'),
(2, 47, 'App\\Models\\Navigation'),
(1, 5, 'App\\Models\\Navigation'),
(1, 2, 'App\\Models\\Navigation'),
(18, 7, 'App\\Models\\Fragment'),
(5, 40, 'App\\Models\\Article'),
(7, 36, 'App\\Models\\Article'),
(6, 36, 'App\\Models\\Article'),
(25, 45, 'App\\Models\\Human'),
(8, 31, 'App\\Models\\Article'),
(6, 31, 'App\\Models\\Article'),
(5, 41, 'App\\Models\\Article'),
(20, 28, 'App\\Models\\Article'),
(20, 22, 'App\\Models\\Article'),
(20, 26, 'App\\Models\\Article'),
(5, 42, 'App\\Models\\Article'),
(14, 2, 'App\\Models\\Fragment'),
(5, 43, 'App\\Models\\Article'),
(5, 44, 'App\\Models\\Article'),
(5, 45, 'App\\Models\\Article'),
(5, 46, 'App\\Models\\Article'),
(1, 27, 'App\\Models\\Navigation'),
(1, 38, 'App\\Models\\Navigation'),
(4, 32, 'App\\Models\\Human'),
(22, 28, 'App\\Models\\Human'),
(25, 48, 'App\\Models\\Human'),
(25, 56, 'App\\Models\\Human'),
(7, 23, 'App\\Models\\Article'),
(6, 23, 'App\\Models\\Article'),
(23, 3, 'App\\Models\\Article'),
(4, 58, 'App\\Models\\Human'),
(7, 49, 'App\\Models\\Article'),
(5, 49, 'App\\Models\\Article'),
(7, 51, 'App\\Models\\Article'),
(5, 51, 'App\\Models\\Article'),
(7, 52, 'App\\Models\\Article'),
(6, 52, 'App\\Models\\Article'),
(8, 48, 'App\\Models\\Article'),
(6, 48, 'App\\Models\\Article'),
(7, 54, 'App\\Models\\Article'),
(5, 54, 'App\\Models\\Article'),
(7, 53, 'App\\Models\\Article'),
(5, 53, 'App\\Models\\Article'),
(7, 55, 'App\\Models\\Article'),
(5, 55, 'App\\Models\\Article'),
(7, 56, 'App\\Models\\Article'),
(6, 56, 'App\\Models\\Article'),
(7, 57, 'App\\Models\\Article'),
(6, 57, 'App\\Models\\Article'),
(7, 58, 'App\\Models\\Article'),
(6, 58, 'App\\Models\\Article'),
(10, 38, 'App\\Models\\Article'),
(6, 38, 'App\\Models\\Article'),
(10, 15, 'App\\Models\\Article'),
(6, 15, 'App\\Models\\Article'),
(5, 60, 'App\\Models\\Article');

-- --------------------------------------------------------

--
-- Structure de la table `tags`
--

CREATE TABLE `tags` (
  `id` int(10) UNSIGNED NOT NULL,
  `name` json DEFAULT NULL,
  `slug` json DEFAULT NULL,
  `type` varchar(255) COLLATE utf8mb4_unicode_ci DEFAULT NULL,
  `order_column` int(11) DEFAULT NULL,
  `technical_name` varchar(255) COLLATE utf8mb4_unicode_ci DEFAULT NULL,
  `draft` tinyint(1) NOT NULL DEFAULT '1',
  `published_at` datetime DEFAULT NULL,
  `promoted_at` datetime DEFAULT NULL,
  `created_at` timestamp NULL DEFAULT NULL,
  `updated_at` timestamp NULL DEFAULT NULL
) ENGINE=InnoDB DEFAULT CHARSET=utf8mb4 COLLATE=utf8mb4_unicode_ci;

--
-- Déchargement des données de la table `tags`
--

INSERT INTO `tags` (`id`, `name`, `slug`, `type`, `order_column`, `technical_name`, `draft`, `published_at`, `promoted_at`, `created_at`, `updated_at`) VALUES
(1, '{\"fr\": \"Main\", \"nl\": \"Main\"}', '{\"fr\": \"main\", \"nl\": \"main\"}', 'navigationType', 1, 'MainNavigationType', 0, '2017-11-19 01:51:22', NULL, '2017-10-30 10:45:22', '2017-10-30 10:45:22'),
(2, '{\"fr\": \"Top\", \"nl\": \"Top\"}', '{\"fr\": \"top\", \"nl\": \"top\"}', 'navigationType', 2, 'TopNavigationType', 0, '2017-11-18 02:50:22', NULL, '2017-10-30 10:45:22', '2017-10-30 10:45:22'),
(3, '{\"fr\": \"Footer\", \"nl\": \"Footer\"}', '{\"fr\": \"footer\", \"nl\": \"footer\"}', 'navigationType', 3, 'FooterNavigationType', 0, '2017-11-24 19:11:22', NULL, '2017-10-30 10:45:22', '2017-10-30 10:45:22'),
(4, '{\"fr\": \"Expert\", \"nl\": \"Expert\"}', '{\"fr\": \"expert\", \"nl\": \"expert\"}', 'humanType', 4, 'ExpertHumanType', 0, '2017-11-14 05:44:22', NULL, '2017-10-30 10:45:22', '2017-10-30 10:45:22'),
(5, '{\"fr\": \"News\", \"nl\": \"News\"}', '{\"fr\": \"news\", \"nl\": \"news\"}', 'articleType', 5, 'NewsArticleType', 0, '2017-11-06 23:58:22', NULL, '2017-10-30 10:45:22', '2017-10-30 10:45:22'),
(6, '{\"fr\": \"Post\", \"nl\": \"Post\"}', '{\"fr\": \"post\", \"nl\": \"post\"}', 'articleType', 6, 'PostArticleType', 0, '2017-11-19 10:06:22', NULL, '2017-10-30 10:45:22', '2017-10-30 10:45:22'),
(7, '{\"fr\": \"Economie et finance\", \"nl\": \"Economie en financiële markten\"}', '{\"fr\": \"economie-et-finance\", \"nl\": \"economie-en-financiele-markten\"}', 'articleCategory', 7, NULL, 0, NULL, NULL, '2017-10-30 10:45:22', '2017-12-06 12:40:04'),
(8, '{\"fr\": \"Planification et structuration patrimoine\", \"nl\": \"Vermogens-planning en - structurering\"}', '{\"fr\": \"planification-et-structuration-patrimoine\", \"nl\": \"vermogens-planning-en-structurering\"}', 'articleCategory', 8, NULL, 0, NULL, NULL, '2017-10-30 10:45:22', '2017-12-12 08:16:38'),
(9, '{\"fr\": \"Investissement durable\", \"nl\": \"Duurzaam beleggen\"}', '{\"fr\": \"investissement-durable\", \"nl\": \"duurzaam-beleggen\"}', 'articleCategory', 9, NULL, 0, NULL, NULL, '2017-10-30 10:45:22', '2017-12-06 11:44:36'),
(10, '{\"fr\": \"Art, culture et lifestyle\", \"nl\": \"Kunst, cultuur en lifestyle\"}', '{\"fr\": \"art-culture-et-lifestyle\", \"nl\": \"kunst-cultuur-en-lifestyle\"}', 'articleCategory', 10, NULL, 0, NULL, NULL, '2017-10-30 10:45:22', '2017-11-30 14:39:21'),
(11, '{\"fr\": \"Perspectives\", \"nl\": \"Perspectives\"}', '{\"fr\": \"perspectives\", \"nl\": \"perspectives\"}', 'publicationType', 11, NULL, 0, '2017-11-25 10:10:22', NULL, '2017-10-30 10:45:22', '2017-10-30 10:45:22'),
(12, '{\"fr\": \"Brochures\", \"nl\": \"Brochures\"}', '{\"fr\": \"brochures\", \"nl\": \"brochures\"}', 'publicationType', 12, NULL, 0, '2017-11-17 09:48:22', NULL, '2017-10-30 10:45:22', '2017-10-30 10:45:22'),
(13, '{\"fr\": \"Hero Box\", \"nl\": \"Hero Box\"}', '{\"fr\": \"hero-box\", \"nl\": \"hero-box\"}', 'fragmentType', 13, 'HeroBoxFragmentType', 0, NULL, NULL, '2017-10-30 10:45:22', '2017-11-30 13:49:47'),
(14, '{\"fr\": \"Hero Section\", \"nl\": \"Hero Section\"}', '{\"fr\": \"hero-section\", \"nl\": \"hero-section\"}', 'fragmentType', 14, 'HeroSectionFragmentType', 0, '2017-11-16 20:41:22', NULL, '2017-10-30 10:45:22', '2017-10-30 10:45:22'),
(15, '{\"fr\": \"Footer Banner\", \"nl\": \"Footer Banner\"}', '{\"fr\": \"footer-banner\", \"nl\": \"footer-banner\"}', 'fragmentType', 15, 'FooterBannerFragmentType', 0, '2017-11-15 22:03:22', NULL, '2017-10-30 10:45:22', '2017-10-30 10:45:22'),
(16, '{\"fr\": \"Sidebar CTA\", \"nl\": \"Sidebar CTA\"}', '{\"fr\": \"sidebar-cta\", \"nl\": \"sidebar-cta\"}', 'fragmentType', 16, 'SidebarCtaFragmentType', 0, '2017-11-13 22:15:22', NULL, '2017-10-30 10:45:22', '2017-10-30 10:45:22'),
(17, '{\"fr\": \"Sidebar Box\", \"nl\": \"Sidebar Box\"}', '{\"fr\": \"sidebar-box\", \"nl\": \"sidebar-box\"}', 'fragmentType', 17, 'SidebarBoxFragmentType', 0, '2017-11-15 12:22:22', NULL, '2017-10-30 10:45:22', '2017-10-30 10:45:22'),
(18, '{\"fr\": \"Sidebar Newsletter Box\", \"nl\": \"Sidebar Newsletter Box\"}', '{\"fr\": \"sidebar-newsletter-box\", \"nl\": \"sidebar-newsletter-box\"}', 'fragmentType', 18, 'SidebarNewsletterBoxFragmentType', 0, '2017-11-18 10:10:22', NULL, '2017-10-30 10:45:22', '2017-10-30 10:45:22'),
(19, '{\"fr\": \"Newsletter Box\", \"nl\": \"Newsletter Box\"}', '{\"fr\": \"newsletter-box\", \"nl\": \"newsletter-box\"}', 'fragmentType', 19, 'NewsletterBoxFragmentType', 0, '2017-11-21 09:23:22', NULL, '2017-10-30 10:45:22', '2017-10-30 10:45:22'),
(20, '{\"fr\": \"Communiqués de presse\", \"nl\": \"Persberichten\"}', '{\"fr\": \"communiques-de-presse\", \"nl\": \"persberichten\"}', 'articleType', 20, 'PressReleaseArticleType', 0, NULL, NULL, '2017-11-16 19:47:53', '2017-11-30 13:49:15'),
(21, '{\"fr\": \"Bottom\", \"nl\": \"Bottom\"}', '{\"fr\": \"bottom\", \"nl\": \"bottom\"}', 'navigationType', 21, 'BottomNavigationType', 0, NULL, NULL, '2017-11-17 17:58:36', '2017-11-19 09:13:15'),
(22, '{\"fr\": \"Contact bureaux\", \"nl\": \"Contact kantoren\"}', '{\"fr\": \"contact-bureaux\", \"nl\": \"contact-kantoren\"}', 'humanType', 22, NULL, 0, NULL, NULL, '2017-11-20 15:13:08', '2017-11-30 13:49:32'),
(23, '{\"fr\": \"Stock\", \"nl\": \"Stock\"}', '{\"fr\": \"stock\", \"nl\": \"stock\"}', 'articleType', 23, 'StockArticleType', 0, NULL, NULL, '2017-11-23 11:51:12', '2017-11-23 11:51:35'),
(24, '{\"fr\": \"Director\", \"nl\": \"Director\"}', '{\"fr\": \"director\", \"nl\": \"director\"}', 'humanType', 24, 'DirectorHumanType', 0, NULL, NULL, '2017-12-03 10:21:29', '2017-12-03 10:21:48'),
(25, '{\"fr\": \"Administrator\", \"nl\": \"Administrator\"}', '{\"fr\": \"administrator\", \"nl\": \"administrator\"}', 'humanType', 25, 'AdministratorHumanType', 0, NULL, NULL, '2017-12-03 10:21:53', '2017-12-03 10:22:14');

-- --------------------------------------------------------

--
-- Structure de la table `taxonomies`
--

CREATE TABLE `taxonomies` (
  `id` int(10) UNSIGNED NOT NULL,
  `name` json DEFAULT NULL,
  `slug` json DEFAULT NULL,
  `type` varchar(255) COLLATE utf8mb4_unicode_ci DEFAULT NULL,
  `order_column` int(11) DEFAULT NULL,
  `draft` tinyint(1) NOT NULL DEFAULT '1',
  `published_at` datetime DEFAULT NULL,
  `promoted_at` datetime DEFAULT NULL,
  `created_at` timestamp NULL DEFAULT NULL,
  `updated_at` timestamp NULL DEFAULT NULL
) ENGINE=InnoDB DEFAULT CHARSET=utf8mb4 COLLATE=utf8mb4_unicode_ci;

--
-- Index pour les tables déchargées
--

--
-- Index pour la table `activity_log`
--
ALTER TABLE `activity_log`
  ADD PRIMARY KEY (`id`),
  ADD KEY `activity_log_log_name_index` (`log_name`);

--
-- Index pour la table `articles`
--
ALTER TABLE `articles`
  ADD PRIMARY KEY (`id`);

--
-- Index pour la table `fragmentables`
--
ALTER TABLE `fragmentables`
  ADD KEY `fragmentables_fragment_id_index` (`fragment_id`);

--
-- Index pour la table `fragments`
--
ALTER TABLE `fragments`
  ADD PRIMARY KEY (`id`);

--
-- Index pour la table `humans`
--
ALTER TABLE `humans`
  ADD PRIMARY KEY (`id`);

--
-- Index pour la table `jobs`
--
ALTER TABLE `jobs`
  ADD PRIMARY KEY (`id`);

--
-- Index pour la table `landings`
--
ALTER TABLE `landings`
  ADD PRIMARY KEY (`id`);

--
-- Index pour la table `media`
--
ALTER TABLE `media`
  ADD PRIMARY KEY (`id`),
  ADD KEY `media_model_id_model_type_index` (`model_id`,`model_type`);

--
-- Index pour la table `migrations`
--
ALTER TABLE `migrations`
  ADD PRIMARY KEY (`id`);

--
-- Index pour la table `navigations`
--
ALTER TABLE `navigations`
  ADD PRIMARY KEY (`id`);

--
-- Index pour la table `offices`
--
ALTER TABLE `offices`
  ADD PRIMARY KEY (`id`);

--
-- Index pour la table `pages`
--
ALTER TABLE `pages`
  ADD PRIMARY KEY (`id`);

--
-- Index pour la table `publications`
--
ALTER TABLE `publications`
  ADD PRIMARY KEY (`id`);

--
-- Index pour la table `relatable_articles`
--
ALTER TABLE `relatable_articles`
  ADD KEY `relatable_articles_article_id_index` (`article_id`);

--
-- Index pour la table `relatable_pages`
--
ALTER TABLE `relatable_pages`
  ADD KEY `relatable_pages_page_id_index` (`page_id`);

--
-- Index pour la table `requests`
--
ALTER TABLE `requests`
  ADD PRIMARY KEY (`id`);

--
-- Index pour la table `taggables`
--
ALTER TABLE `taggables`
  ADD KEY `taggables_tag_id_foreign` (`tag_id`);

--
-- Index pour la table `tags`
--
ALTER TABLE `tags`
  ADD PRIMARY KEY (`id`);

--
-- Index pour la table `taxonomies`
--
ALTER TABLE `taxonomies`
  ADD PRIMARY KEY (`id`),
  ADD KEY `taxonomies_type_index` (`type`);

--
-- AUTO_INCREMENT pour les tables déchargées
--

--
-- AUTO_INCREMENT pour la table `activity_log`
--
ALTER TABLE `activity_log`
  MODIFY `id` int(10) UNSIGNED NOT NULL AUTO_INCREMENT, AUTO_INCREMENT=1483;
--
-- AUTO_INCREMENT pour la table `articles`
--
ALTER TABLE `articles`
  MODIFY `id` int(10) UNSIGNED NOT NULL AUTO_INCREMENT, AUTO_INCREMENT=62;
--
-- AUTO_INCREMENT pour la table `fragments`
--
ALTER TABLE `fragments`
  MODIFY `id` int(10) UNSIGNED NOT NULL AUTO_INCREMENT, AUTO_INCREMENT=11;
--
-- AUTO_INCREMENT pour la table `humans`
--
ALTER TABLE `humans`
  MODIFY `id` int(10) UNSIGNED NOT NULL AUTO_INCREMENT, AUTO_INCREMENT=59;
--
-- AUTO_INCREMENT pour la table `jobs`
--
ALTER TABLE `jobs`
  MODIFY `id` int(10) UNSIGNED NOT NULL AUTO_INCREMENT, AUTO_INCREMENT=18;
--
-- AUTO_INCREMENT pour la table `landings`
--
ALTER TABLE `landings`
  MODIFY `id` int(10) UNSIGNED NOT NULL AUTO_INCREMENT, AUTO_INCREMENT=11;
--
-- AUTO_INCREMENT pour la table `media`
--
ALTER TABLE `media`
  MODIFY `id` int(10) UNSIGNED NOT NULL AUTO_INCREMENT, AUTO_INCREMENT=241;
--
-- AUTO_INCREMENT pour la table `migrations`
--
ALTER TABLE `migrations`
  MODIFY `id` int(10) UNSIGNED NOT NULL AUTO_INCREMENT, AUTO_INCREMENT=8;
--
-- AUTO_INCREMENT pour la table `navigations`
--
ALTER TABLE `navigations`
  MODIFY `id` int(10) UNSIGNED NOT NULL AUTO_INCREMENT, AUTO_INCREMENT=51;
--
-- AUTO_INCREMENT pour la table `offices`
--
ALTER TABLE `offices`
  MODIFY `id` int(10) UNSIGNED NOT NULL AUTO_INCREMENT, AUTO_INCREMENT=17;
--
-- AUTO_INCREMENT pour la table `pages`
--
ALTER TABLE `pages`
  MODIFY `id` int(10) UNSIGNED NOT NULL AUTO_INCREMENT, AUTO_INCREMENT=60;
--
-- AUTO_INCREMENT pour la table `publications`
--
ALTER TABLE `publications`
  MODIFY `id` int(10) UNSIGNED NOT NULL AUTO_INCREMENT, AUTO_INCREMENT=12;
--
-- AUTO_INCREMENT pour la table `requests`
--
ALTER TABLE `requests`
  MODIFY `id` int(10) UNSIGNED NOT NULL AUTO_INCREMENT, AUTO_INCREMENT=98;
--
-- AUTO_INCREMENT pour la table `tags`
--
ALTER TABLE `tags`
  MODIFY `id` int(10) UNSIGNED NOT NULL AUTO_INCREMENT, AUTO_INCREMENT=26;
--
-- AUTO_INCREMENT pour la table `taxonomies`
--
ALTER TABLE `taxonomies`
  MODIFY `id` int(10) UNSIGNED NOT NULL AUTO_INCREMENT;
--
-- Contraintes pour les tables déchargées
--

--
-- Contraintes pour la table `fragmentables`
--
ALTER TABLE `fragmentables`
  ADD CONSTRAINT `fragmentables_fragment_id_foreign` FOREIGN KEY (`fragment_id`) REFERENCES `fragments` (`id`) ON DELETE CASCADE;

--
-- Contraintes pour la table `relatable_articles`
--
ALTER TABLE `relatable_articles`
  ADD CONSTRAINT `relatable_articles_article_id_foreign` FOREIGN KEY (`article_id`) REFERENCES `articles` (`id`) ON DELETE CASCADE;

--
-- Contraintes pour la table `relatable_pages`
--
ALTER TABLE `relatable_pages`
  ADD CONSTRAINT `relatable_pages_page_id_foreign` FOREIGN KEY (`page_id`) REFERENCES `pages` (`id`) ON DELETE CASCADE;

--
-- Contraintes pour la table `taggables`
--
ALTER TABLE `taggables`
  ADD CONSTRAINT `taggables_tag_id_foreign` FOREIGN KEY (`tag_id`) REFERENCES `tags` (`id`) ON DELETE CASCADE;
COMMIT;

